{"id":945,"date":"2022-12-29T10:50:43","date_gmt":"2022-12-29T09:50:43","guid":{"rendered":"https:\/\/lamaggese.fr\/?page_id=945"},"modified":"2026-02-08T12:45:25","modified_gmt":"2026-02-08T11:45:25","slug":"actualites-de-la-cie-maggese","status":"publish","type":"page","link":"https:\/\/lamaggese.fr\/","title":{"rendered":"Actualit\u00e9s de la Cie Maggese"},"content":{"rendered":"\n<figure class=\"wp-block-image size-large\"><img loading=\"lazy\" decoding=\"async\" width=\"724\" height=\"1024\" src=\"https:\/\/lamaggese.fr\/wp-content\/uploads\/2026\/02\/6181-724x1024.jpg\" alt=\"\" class=\"wp-image-1781\" srcset=\"https:\/\/lamaggese.fr\/wp-content\/uploads\/2026\/02\/6181-724x1024.jpg 724w, https:\/\/lamaggese.fr\/wp-content\/uploads\/2026\/02\/6181-212x300.jpg 212w, https:\/\/lamaggese.fr\/wp-content\/uploads\/2026\/02\/6181-768x1086.jpg 768w, https:\/\/lamaggese.fr\/wp-content\/uploads\/2026\/02\/6181-1086x1536.jpg 1086w, https:\/\/lamaggese.fr\/wp-content\/uploads\/2026\/02\/6181-1448x2048.jpg 1448w, https:\/\/lamaggese.fr\/wp-content\/uploads\/2026\/02\/6181.jpg 1587w\" sizes=\"auto, (max-width: 724px) 100vw, 724px\" \/><\/figure>\n\n\n\n<p class=\"has-text-align-center\"><strong>Rencontre de chants traditionnels de la Semaine Sainte du 1 avril au 6 avril en Sicilia !<\/strong><br>Vous avez jusqu&rsquo;au\u00a012\u00a0F\u00e9vrier\u00a0pour vous inscrire. Il y a peu de places !<br><strong>Pour plus d&rsquo;informations et inscription :<\/strong>\u00a0<a href=\"mailto:lamaggiante@gmail.com\" target=\"_blank\" rel=\"noreferrer noopener\">lamaggiante@gmail.com<\/a>\u00a0ou le 0601804327<br>N&rsquo;h\u00e9sitez pas \u00e0 nous contacter pour d&rsquo;autres renseignements !<\/p>\n\n\n\n<hr class=\"wp-block-separator has-alpha-channel-opacity\"\/>\n\n\n\n<p class=\"has-text-align-center\"><strong>Le Bal Italien \u00e0 la Philharmonie qui aura lieu le 21 mars<\/strong><br>Des musiques \u00e0 danser telles que la courenta, la polca, la tarentella ou la tammurriata sont mises \u00e0 l\u2019honneur dans ce bal italien anim\u00e9 par des musiciens professionnels et amateurs.&nbsp;<br>Margherita Trefoloni et Anna Andreotti conduiront une s\u00e9rie de r\u00e9p\u00e9titions avec un groupe de magnifiques chanteurs et chanteuses que la Philharmonie a s\u00e9lectionn\u00e9.e.s pour nous. A travers ces temps de r\u00e9p\u00e9titions elles les am\u00e8neront \u00e0 partager un bal-concert final le 21 mars \u2014 f\u00eate du printemps \u2014 avec :&nbsp;les musiciens pi\u00e9montais (occitans et franco-proven\u00e7ales) Flavio Giacchero, Marzia Rey et Luca Teghillo ;&nbsp;Dario Mongavero de Pomigliano d&rsquo;Arco ;&nbsp;le calabrais Paolo Napoli d&rsquo;Alessandria del Carretto ;&nbsp;les danseurs pi\u00e9montais Michele Cavenago et Romana Barbui de \u00ab\u00a0Lo Stivale che balla\u00a0\u00bb&nbsp;et la pr\u00e9cieuse collaboration de Tullia Conte et Mattia Doto de SUDANZARE.<\/p>\n\n\n\n<p class=\"has-text-align-center\"><strong>21 Mars 2026<\/strong><br><strong>Le Bal Italien \u00e0 la Philharmonie<\/strong><br>Ouverture des r\u00e9servations le&nbsp;<strong>17&nbsp;F\u00e9vrier<\/strong><br><strong>Quand ?<\/strong>&nbsp;Le 21 Mars, \u00e0 19h<br><strong>O\u00f9 ?<\/strong>&nbsp;Philharmonie de Paris<br><a href=\"https:\/\/02hhz.mjt.lu\/lnk\/AcMAADpjINoAAAAAAAAAA-I_jOcAAAAAHccAAAAAABvffABpfOdSchYT2hwsQmecx4KYGe9wDQAatJk\/2\/_EZDeh1Bw-xlc6bkQmj77A\/aHR0cHM6Ly9waGlsaGFybW9uaWVkZXBhcmlzLmZyL2ZyL2FjdGl2aXRlL2JhbC8yODQzNy1iYWwtaXRhbGllbg\">Lien de la page<\/a><\/p>\n\n\n\n<hr class=\"wp-block-separator has-alpha-channel-opacity\"\/>\n\n\n\n<div class=\"wp-block-cover is-light\"><span aria-hidden=\"true\" class=\"wp-block-cover__background has-background-dim-0 has-background-dim\"><\/span><div class=\"wp-block-cover__inner-container is-layout-flow wp-block-cover-is-layout-flow\">\n<div class=\"wp-block-group\"><div class=\"wp-block-group__inner-container is-layout-constrained wp-block-group-is-layout-constrained\">\n<figure class=\"wp-block-table\"><table class=\"has-light-green-cyan-background-color has-background\"><tbody><tr><td class=\"has-text-align-center\" data-align=\"center\"><strong>LES RENDEZ-VOUS MENSUELS DE NOS CHOEURS !!<\/strong><\/td><\/tr><tr><td class=\"has-text-align-center\" data-align=\"center\"><em><strong>Si vous souhaitez int\u00e9grer les ch\u0153urs :<\/strong><\/em><br><em>\u00c9crivez-nous : lamaggiante@gmail.com<\/em><br>***<br><strong><a href=\"https:\/\/lamaggese.fr\/index.php\/le-choeur-de-lemigration\/\" data-type=\"link\" data-id=\"https:\/\/lamaggese.fr\/index.php\/le-choeur-de-lemigration\/\">Le Ch\u0153ur de l\u2019\u00c9migration <\/a><\/strong><br><strong>&nbsp;<\/strong><em>Le ch\u0153ur est n\u00e9 autour du projet&nbsp;<\/em><a href=\"https:\/\/lamaggese.fr\/index.php\/sur-les-traces-de-limmigration-italienne\/\" target=\"_blank\" rel=\"noreferrer noopener\"><em><u>\u00ab\u00a0Sur les traces de l&rsquo;immigration italienne\u00a0\u00bb<\/u><\/em><\/a><em>&nbsp;et se r\u00e9unit un week-end par mois : <\/em><br><br>&#8211; <em>Le vendredi soir, le samedi en journ\u00e9e et le dimanche  <strong>\u00e0 Montreuil (93)<\/strong>. <\/em><br>*Possibilit\u00e9 de participer \u00e0 un week-end d&rsquo;essai.&nbsp;*<br><br>Dirig\u00e9 par Anna Andreotti&nbsp;<br>lamaggese@neuf.fr&nbsp;\/ 06.01.80.43.27.&nbsp;<br><br>***<br><strong><a href=\"https:\/\/lamaggese.fr\/index.php\/oriamo\/\" data-type=\"link\" data-id=\"https:\/\/lamaggese.fr\/index.php\/oriamo\/\">Oriamu<\/a><\/strong><br>Le ch\u0153ur se r\u00e9unit deux mercredis par mois :<br>&#8211; de 18h30 \u00e0 21h&nbsp;<br><br><strong>Lieu :<\/strong>&nbsp;9 rue de la R\u00e9publique, Boissy l\u2019Aillerie (95)<br><br>Dirig\u00e9 par Margherita Trefoloni&nbsp;<br>margherita.trefoloni@gmail.com&nbsp;&nbsp;\/ 06.33.98.24.66.<br><br>&nbsp;***<br><strong><a href=\"https:\/\/lamaggese.fr\/index.php\/ateliers-de-chant-a-polimnia\/\">Gruppo di canto spontaneo Polimnia<\/a><\/strong><br>Le ch\u0153ur se retrouve 2 jeudis par mois :<br>&#8211; de 18h \u00e0 20h30&nbsp;<br><br><strong>Lieu :<\/strong>&nbsp;58 rue Madame &#8211; Paris, 6\u00e8me<br><br>Dirig\u00e9 par Anna Andreotti et Margherita Trefoloni<br>polimnia@free.fr<br><br>***<br><strong><a href=\"https:\/\/lamaggese.fr\/index.php\/la-collective-darles\/\">Madi\u00e8res chante  &#8211; cr\u00e9ation d&rsquo;un Ch\u0153ur dans les C\u00e9vennes<\/a><\/strong><br><em>Le ch\u0153ur se retrouve 1 fois tous les mois OU tous les deux mois :<\/em><br>&#8211;<em> de 10h \u00e0 17h<\/em><br><br><strong>Lieu :<\/strong>&nbsp;La salle des f\u00eates de Madi\u00e8res &#8211; 1 rue Cap Del Mas&nbsp;<br><br>Dirig\u00e9 par Anna Andreotti&nbsp;<br>lamaggese@neuf.fr&nbsp;\/ 06.01.80.43.27.&nbsp;<\/td><\/tr><\/tbody><\/table><\/figure>\n<\/div><\/div>\n<\/div><\/div>\n\n\n\n<p><\/p>\n","protected":false},"excerpt":{"rendered":"<p>Rencontre de chants traditionnels de la Semaine Sainte du 1 avril au 6 avril en Sicilia !Vous avez jusqu&rsquo;au\u00a012\u00a0F\u00e9vrier\u00a0pour vous inscrire. Il y a peu de places !Pour plus d&rsquo;informations et inscription :\u00a0lamaggiante@gmail.com\u00a0ou le 0601804327N&rsquo;h\u00e9sitez pas \u00e0 nous contacter pour d&rsquo;autres renseignements ! Le Bal Italien \u00e0 la Philharmonie qui aura lieu le 21 marsDes &hellip; <\/p>\n<p class=\"link-more\"><a href=\"https:\/\/lamaggese.fr\/\" class=\"more-link\">Continuer la lecture<span class=\"screen-reader-text\"> de &laquo;&nbsp;Actualit\u00e9s de la Cie Maggese&nbsp;&raquo;<\/span><\/a><\/p>\n","protected":false},"author":1,"featured_media":0,"parent":0,"menu_order":0,"comment_status":"closed","ping_status":"closed","template":"","meta":{"footnotes":""},"class_list":["post-945","page","type-page","status-publish","hentry"],"_links":{"self":[{"href":"https:\/\/lamaggese.fr\/index.php\/wp-json\/wp\/v2\/pages\/945","targetHints":{"allow":["GET"]}}],"collection":[{"href":"https:\/\/lamaggese.fr\/index.php\/wp-json\/wp\/v2\/pages"}],"about":[{"href":"https:\/\/lamaggese.fr\/index.php\/wp-json\/wp\/v2\/types\/page"}],"author":[{"embeddable":true,"href":"https:\/\/lamaggese.fr\/index.php\/wp-json\/wp\/v2\/users\/1"}],"replies":[{"embeddable":true,"href":"https:\/\/lamaggese.fr\/index.php\/wp-json\/wp\/v2\/comments?post=945"}],"version-history":[{"count":81,"href":"https:\/\/lamaggese.fr\/index.php\/wp-json\/wp\/v2\/pages\/945\/revisions"}],"predecessor-version":[{"id":1797,"href":"https:\/\/lamaggese.fr\/index.php\/wp-json\/wp\/v2\/pages\/945\/revisions\/1797"}],"wp:attachment":[{"href":"https:\/\/lamaggese.fr\/index.php\/wp-json\/wp\/v2\/media?parent=945"}],"curies":[{"name":"wp","href":"https:\/\/api.w.org\/{rel}","templated":true}]}}

Actualités de la Cie Maggese

<figure class="wp-block-image size-large"><img loading="lazy" decoding="async" width="724" height="1024" src="https://lamaggese.fr/wp-content/uploads/2026/02/6181-724x1024.jpg" alt="" class="wp-image-1781" srcset="https://lamaggese.fr/wp-content/uploads/2026/02/6181-724x1024.jpg 724w, https://lamaggese.fr/wp-content/uploads/2026/02/6181-212x300.jpg 212w, https://lamaggese.fr/wp-content/uploads/2026/02/6181-768x1086.jpg 768w, https://lamaggese.fr/wp-content/uploads/2026/02/6181-1086x1536.jpg 1086w, https://lamaggese.fr/wp-content/uploads/2026/02/6181-1448x2048.jpg 1448w, https://lamaggese.fr/wp-content/uploads/2026/02/6181.jpg 1587w" sizes="auto, (max-width: 724px) 100vw, 724px" /></figure>



<p class="has-text-align-center"><strong>Rencontre de chants traditionnels de la Semaine Sainte du 1 avril au 6 avril en Sicilia !</strong><br>Vous avez jusqu&rsquo;au 12 Février pour vous inscrire. Il y a peu de places !<br><strong>Pour plus d&rsquo;informations et inscription :</strong> <a href="mailto:lamaggiante@gmail.com" target="_blank" rel="noreferrer noopener">lamaggiante@gmail.com</a> ou le 0601804327<br>N&rsquo;hésitez pas à nous contacter pour d&rsquo;autres renseignements !</p>



<hr class="wp-block-separator has-alpha-channel-opacity"/>



<p class="has-text-align-center"><strong>Le Bal Italien à la Philharmonie qui aura lieu le 21 mars</strong><br>Des musiques à danser telles que la courenta, la polca, la tarentella ou la tammurriata sont mises à l’honneur dans ce bal italien animé par des musiciens professionnels et amateurs.&nbsp;<br>Margherita Trefoloni et Anna Andreotti conduiront une série de répétitions avec un groupe de magnifiques chanteurs et chanteuses que la Philharmonie a sélectionné.e.s pour nous. A travers ces temps de répétitions elles les amèneront à partager un bal-concert final le 21 mars — fête du printemps — avec :&nbsp;les musiciens piémontais (occitans et franco-provençales) Flavio Giacchero, Marzia Rey et Luca Teghillo ;&nbsp;Dario Mongavero de Pomigliano d&rsquo;Arco ;&nbsp;le calabrais Paolo Napoli d&rsquo;Alessandria del Carretto ;&nbsp;les danseurs piémontais Michele Cavenago et Romana Barbui de « Lo Stivale che balla »&nbsp;et la précieuse collaboration de Tullia Conte et Mattia Doto de SUDANZARE.</p>



<p class="has-text-align-center"><strong>21 Mars 2026</strong><br><strong>Le Bal Italien à la Philharmonie</strong><br>Ouverture des réservations le&nbsp;<strong>17&nbsp;Février</strong><br><strong>Quand ?</strong>&nbsp;Le 21 Mars, à 19h<br><strong>Où ?</strong>&nbsp;Philharmonie de Paris<br><a href="https://02hhz.mjt.lu/lnk/AcMAADpjINoAAAAAAAAAA-I_jOcAAAAAHccAAAAAABvffABpfOdSchYT2hwsQmecx4KYGe9wDQAatJk/2/_EZDeh1Bw-xlc6bkQmj77A/aHR0cHM6Ly9waGlsaGFybW9uaWVkZXBhcmlzLmZyL2ZyL2FjdGl2aXRlL2JhbC8yODQzNy1iYWwtaXRhbGllbg">Lien de la page</a></p>



<hr class="wp-block-separator has-alpha-channel-opacity"/>



<div class="wp-block-cover is-light"><span aria-hidden="true" class="wp-block-cover__background has-background-dim-0 has-background-dim"></span><div class="wp-block-cover__inner-container is-layout-flow wp-block-cover-is-layout-flow">
<div class="wp-block-group"><div class="wp-block-group__inner-container is-layout-constrained wp-block-group-is-layout-constrained">
<figure class="wp-block-table"><table class="has-light-green-cyan-background-color has-background"><tbody><tr><td class="has-text-align-center" data-align="center"><strong>LES RENDEZ-VOUS MENSUELS DE NOS CHOEURS !!</strong></td></tr><tr><td class="has-text-align-center" data-align="center"><em><strong>Si vous souhaitez intégrer les chœurs :</strong></em><br><em>Écrivez-nous : lamaggiante@gmail.com</em><br>***<br><strong><a href="https://lamaggese.fr/index.php/le-choeur-de-lemigration/" data-type="link" data-id="https://lamaggese.fr/index.php/le-choeur-de-lemigration/">Le Chœur de l’Émigration </a></strong><br><strong>&nbsp;</strong><em>Le chœur est né autour du projet&nbsp;</em><a href="https://lamaggese.fr/index.php/sur-les-traces-de-limmigration-italienne/" target="_blank" rel="noreferrer noopener"><em><u>« Sur les traces de l&rsquo;immigration italienne »</u></em></a><em>&nbsp;et se réunit un week-end par mois : </em><br><br>&#8211; <em>Le vendredi soir, le samedi en journée et le dimanche  <strong>à Montreuil (93)</strong>. </em><br>*Possibilité de participer à un week-end d&rsquo;essai.&nbsp;*<br><br>Dirigé par Anna Andreotti&nbsp;<br>lamaggese@neuf.fr&nbsp;/ 06.01.80.43.27.&nbsp;<br><br>***<br><strong><a href="https://lamaggese.fr/index.php/oriamo/" data-type="link" data-id="https://lamaggese.fr/index.php/oriamo/">Oriamu</a></strong><br>Le chœur se réunit deux mercredis par mois :<br>&#8211; de 18h30 à 21h&nbsp;<br><br><strong>Lieu :</strong>&nbsp;9 rue de la République, Boissy l’Aillerie (95)<br><br>Dirigé par Margherita Trefoloni&nbsp;<br>margherita.trefoloni@gmail.com&nbsp;&nbsp;/ 06.33.98.24.66.<br><br>&nbsp;***<br><strong><a href="https://lamaggese.fr/index.php/ateliers-de-chant-a-polimnia/">Gruppo di canto spontaneo Polimnia</a></strong><br>Le chœur se retrouve 2 jeudis par mois :<br>&#8211; de 18h à 20h30&nbsp;<br><br><strong>Lieu :</strong>&nbsp;58 rue Madame &#8211; Paris, 6ème<br><br>Dirigé par Anna Andreotti et Margherita Trefoloni<br>polimnia@free.fr<br><br>***<br><strong><a href="https://lamaggese.fr/index.php/la-collective-darles/">Madières chante  &#8211; création d&rsquo;un Chœur dans les Cévennes</a></strong><br><em>Le chœur se retrouve 1 fois tous les mois OU tous les deux mois :</em><br>&#8211;<em> de 10h à 17h</em><br><br><strong>Lieu :</strong>&nbsp;La salle des fêtes de Madières &#8211; 1 rue Cap Del Mas&nbsp;<br><br>Dirigé par Anna Andreotti&nbsp;<br>lamaggese@neuf.fr&nbsp;/ 06.01.80.43.27.&nbsp;</td></tr></tbody></table></figure>
</div></div>
</div></div>



<p></p>

<p>Rencontre de chants traditionnels de la Semaine Sainte du 1 avril au 6 avril en Sicilia !Vous avez jusqu&rsquo;au 12 Février pour vous inscrire. Il y a peu de places !Pour plus d&rsquo;informations et inscription : lamaggiante@gmail.com ou le 0601804327N&rsquo;hésitez pas à nous contacter pour d&rsquo;autres renseignements ! Le Bal Italien à la Philharmonie qui aura lieu le 21 marsDes &hellip; </p>
<p class="link-more"><a href="https://lamaggese.fr/" class="more-link">Continuer la lecture<span class="screen-reader-text"> de &laquo;&nbsp;Actualités de la Cie Maggese&nbsp;&raquo;</span></a></p>
