{"id":924,"date":"2022-12-27T16:54:37","date_gmt":"2022-12-27T15:54:37","guid":{"rendered":"https:\/\/lamaggese.fr\/?page_id=924"},"modified":"2022-12-27T17:00:59","modified_gmt":"2022-12-27T16:00:59","slug":"la-philarmonie","status":"publish","type":"page","link":"https:\/\/lamaggese.fr\/index.php\/la-philarmonie\/","title":{"rendered":"LA PHILHARMONIE"},"content":{"rendered":"\n<h1 class=\"wp-block-heading\">Chant des Mondines &#8211; \u00ab\u00a0Il lavoro \u00e8 poco\u00a0\u00bb <\/h1>\n\n\n\n<hr class=\"wp-block-separator\"\/>\n\n\n\n<p>Le chant des\u00a0<em>mondine<\/em>, ouvri\u00e8res saisonni\u00e8res des rizi\u00e8res, est tr\u00e8s r\u00e9pandu en Italie dans la plaine du P\u00f4, de la fin du XIX<sup>e<\/sup>\u00a0si\u00e8cle jusqu\u2019\u00e0 la premi\u00e8re moiti\u00e9 du XX<sup>e<\/sup>. Ce chant du village de Bentivoglio dans la r\u00e9gion de l\u2019\u00c9milie-Romagne est un chant polyphonique a cappella. Les femmes chantent entre elles \u00e0 l\u2019unisson et \u00e0 la tierce. Elles revendiquent de meilleures conditions de vie et de travail.<\/p>\n\n\n\n<figure class=\"wp-block-image size-full\"><img loading=\"lazy\" decoding=\"async\" width=\"295\" height=\"288\" src=\"https:\/\/lamaggese.fr\/wp-content\/uploads\/2022\/12\/Capture-decran-2022-12-27-a-16.59.28.png\" alt=\"\" class=\"wp-image-930\"\/><figcaption><a href=\"https:\/\/edutheque.philharmoniedeparis.fr\/chant-des-mondine-region-emilie-romagne.aspx\" data-type=\"URL\" data-id=\"https:\/\/edutheque.philharmoniedeparis.fr\/chant-des-mondine-region-emilie-romagne.aspx\">pour en savoir + <\/a><\/figcaption><\/figure>\n\n\n\n<p><\/p>\n","protected":false},"excerpt":{"rendered":"<p>Chant des Mondines &#8211; \u00ab\u00a0Il lavoro \u00e8 poco\u00a0\u00bb Le chant des\u00a0mondine, ouvri\u00e8res saisonni\u00e8res des rizi\u00e8res, est tr\u00e8s r\u00e9pandu en Italie dans la plaine du P\u00f4, de la fin du XIXe\u00a0si\u00e8cle jusqu\u2019\u00e0 la premi\u00e8re moiti\u00e9 du XXe. Ce chant du village de Bentivoglio dans la r\u00e9gion de l\u2019\u00c9milie-Romagne est un chant polyphonique a cappella. Les femmes &hellip; <\/p>\n<p class=\"link-more\"><a href=\"https:\/\/lamaggese.fr\/index.php\/la-philarmonie\/\" class=\"more-link\">Continuer la lecture<span class=\"screen-reader-text\"> de &laquo;&nbsp;LA PHILHARMONIE&nbsp;&raquo;<\/span><\/a><\/p>\n","protected":false},"author":1,"featured_media":0,"parent":0,"menu_order":0,"comment_status":"closed","ping_status":"closed","template":"","meta":{"footnotes":""},"class_list":["post-924","page","type-page","status-publish","hentry"],"_links":{"self":[{"href":"https:\/\/lamaggese.fr\/index.php\/wp-json\/wp\/v2\/pages\/924","targetHints":{"allow":["GET"]}}],"collection":[{"href":"https:\/\/lamaggese.fr\/index.php\/wp-json\/wp\/v2\/pages"}],"about":[{"href":"https:\/\/lamaggese.fr\/index.php\/wp-json\/wp\/v2\/types\/page"}],"author":[{"embeddable":true,"href":"https:\/\/lamaggese.fr\/index.php\/wp-json\/wp\/v2\/users\/1"}],"replies":[{"embeddable":true,"href":"https:\/\/lamaggese.fr\/index.php\/wp-json\/wp\/v2\/comments?post=924"}],"version-history":[{"count":3,"href":"https:\/\/lamaggese.fr\/index.php\/wp-json\/wp\/v2\/pages\/924\/revisions"}],"predecessor-version":[{"id":931,"href":"https:\/\/lamaggese.fr\/index.php\/wp-json\/wp\/v2\/pages\/924\/revisions\/931"}],"wp:attachment":[{"href":"https:\/\/lamaggese.fr\/index.php\/wp-json\/wp\/v2\/media?parent=924"}],"curies":[{"name":"wp","href":"https:\/\/api.w.org\/{rel}","templated":true}]}}

<h1 class="wp-block-heading">Chant des Mondines &#8211; « Il lavoro è poco » </h1>



<hr class="wp-block-separator"/>



<p>Le chant des <em>mondine</em>, ouvrières saisonnières des rizières, est très répandu en Italie dans la plaine du Pô, de la fin du XIX<sup>e</sup> siècle jusqu’à la première moitié du XX<sup>e</sup>. Ce chant du village de Bentivoglio dans la région de l’Émilie-Romagne est un chant polyphonique a cappella. Les femmes chantent entre elles à l’unisson et à la tierce. Elles revendiquent de meilleures conditions de vie et de travail.</p>



<figure class="wp-block-image size-full"><img loading="lazy" decoding="async" width="295" height="288" src="https://lamaggese.fr/wp-content/uploads/2022/12/Capture-decran-2022-12-27-a-16.59.28.png" alt="" class="wp-image-930"/><figcaption><a href="https://edutheque.philharmoniedeparis.fr/chant-des-mondine-region-emilie-romagne.aspx" data-type="URL" data-id="https://edutheque.philharmoniedeparis.fr/chant-des-mondine-region-emilie-romagne.aspx">pour en savoir + </a></figcaption></figure>



<p></p>

<p>Chant des Mondines &#8211; « Il lavoro è poco » Le chant des mondine, ouvrières saisonnières des rizières, est très répandu en Italie dans la plaine du Pô, de la fin du XIXe siècle jusqu’à la première moitié du XXe. Ce chant du village de Bentivoglio dans la région de l’Émilie-Romagne est un chant polyphonique a cappella. Les femmes &hellip; </p>
<p class="link-more"><a href="https://lamaggese.fr/index.php/la-philarmonie/" class="more-link">Continuer la lecture<span class="screen-reader-text"> de &laquo;&nbsp;LA PHILHARMONIE&nbsp;&raquo;</span></a></p>
