{"id":920,"date":"2022-12-27T16:51:30","date_gmt":"2022-12-27T15:51:30","guid":{"rendered":"https:\/\/lamaggese.fr\/?page_id=920"},"modified":"2025-09-04T11:58:38","modified_gmt":"2025-09-04T09:58:38","slug":"oriamo","status":"publish","type":"page","link":"https:\/\/lamaggese.fr\/index.php\/oriamo\/","title":{"rendered":"ORIAMU"},"content":{"rendered":"\n<hr class=\"wp-block-separator has-alpha-channel-opacity\"\/>\n\n\n\n<figure class=\"wp-block-gallery aligncenter has-nested-images columns-default is-cropped wp-block-gallery-1 is-layout-flex wp-block-gallery-is-layout-flex\">\n<figure class=\"wp-block-image size-full\"><img loading=\"lazy\" decoding=\"async\" width=\"860\" height=\"619\" data-id=\"1123\" src=\"https:\/\/lamaggese.fr\/wp-content\/uploads\/2023\/07\/Capture-decran-2023-07-19-a-10.47.38-2.png\" alt=\"\" class=\"wp-image-1123\" srcset=\"https:\/\/lamaggese.fr\/wp-content\/uploads\/2023\/07\/Capture-decran-2023-07-19-a-10.47.38-2.png 860w, https:\/\/lamaggese.fr\/wp-content\/uploads\/2023\/07\/Capture-decran-2023-07-19-a-10.47.38-2-300x216.png 300w, https:\/\/lamaggese.fr\/wp-content\/uploads\/2023\/07\/Capture-decran-2023-07-19-a-10.47.38-2-768x553.png 768w\" sizes=\"auto, (max-width: 767px) 89vw, (max-width: 1000px) 54vw, (max-width: 1071px) 543px, 580px\" \/><\/figure>\n\n\n\n<figure class=\"wp-block-image size-full\"><img loading=\"lazy\" decoding=\"async\" width=\"744\" height=\"529\" data-id=\"1065\" src=\"https:\/\/lamaggese.fr\/wp-content\/uploads\/2023\/05\/choeur-Oriamu.jpg\" alt=\"\" class=\"wp-image-1065\" srcset=\"https:\/\/lamaggese.fr\/wp-content\/uploads\/2023\/05\/choeur-Oriamu.jpg 744w, https:\/\/lamaggese.fr\/wp-content\/uploads\/2023\/05\/choeur-Oriamu-300x213.jpg 300w\" sizes=\"auto, (max-width: 706px) 89vw, (max-width: 767px) 82vw, 740px\" \/><\/figure>\n<\/figure>\n\n\n\n<p>Le groupe Oriamu s\u2019est form\u00e9 en 2021, \u00e0 Boissy l&rsquo;Aillerie, sous la direction de Margherita Trefoloni. Le noyaux dur du groupe avait d\u00e9j\u00e0 une longue exp\u00e9rience dans le chant traditionnel italien et non, puisque il s&rsquo;\u00e9tait form\u00e9 auparavant autour de la chanteuse et constructrice de flutes traversi\u00e8res baroques Claire Subeyran, \u00e9l\u00e8ve de Giovanna Marini. Des voix d\u2019hommes et de femmes qui continuent de se fa\u00e7onner au chant italien de tradition orale. Du Val d\u2019Aoste aux Pouilles, \u00e0 la recherche de la po\u00e9sie populaire que ces chants portent en eux.<\/p>\n\n\n\n<blockquote class=\"wp-block-quote is-layout-flow wp-block-quote-is-layout-flow\">\n<blockquote class=\"wp-block-quote is-layout-flow wp-block-quote-is-layout-flow\">\n<figure class=\"wp-block-table\"><table><tbody><tr><td><strong>Portes Ouvertes le 6 septembre \u00e0 La maison pour tous \u00e0 Boissy l&rsquo;Aillerie\u00a0<\/strong><br><br><strong><u>Dates<\/u>\u00a0:<\/strong>\u00a0<strong>Reprise le 17 septembre !<\/strong><br><strong>17\/09 ; 01\/10 ; 15\/10 ; 12\/11 ; 26\/11 ; 03\/12 ; 17\/12 ; 14\/01 ; 28\/01 ; 11\/02 ; 18\/02 ; \u00a018\/03 ; 25\/03 ; 08\/04 ; 25\/04 ; 13\/05 ; 27\/05 ; 10\/06 ; 24\/06<\/strong><br><br>Le ch\u0153ur se retrouve deux mercredis par mois de 18h30 \u00e0 21h<br><br><em><strong>Rencontre pr\u00e9vue :\u00a0<\/strong>du vendredi 14 novembre au dimanche 16 novembre 2025<\/em><\/td><\/tr><\/tbody><\/table><\/figure>\n<\/blockquote>\n<\/blockquote>\n\n\n\n<p><strong>Lieu :&nbsp;<\/strong>BOISSY L\u2019AILLERIE<\/p>\n\n\n\n<p><a target=\"_blank\" href=\"https:\/\/lamaggese.fr\/index.php\/oriamo\/\" rel=\"noreferrer noopener\"><strong>+ d&rsquo;infos&nbsp;<\/strong><\/a><strong>:<\/strong>&nbsp;margherita.trefoloni@gmail.com<\/p>\n","protected":false},"excerpt":{"rendered":"<p>Le groupe Oriamu s\u2019est form\u00e9 en 2021, \u00e0 Boissy l&rsquo;Aillerie, sous la direction de Margherita Trefoloni. Le noyaux dur du groupe avait d\u00e9j\u00e0 une longue exp\u00e9rience dans le chant traditionnel italien et non, puisque il s&rsquo;\u00e9tait form\u00e9 auparavant autour de la chanteuse et constructrice de flutes traversi\u00e8res baroques Claire Subeyran, \u00e9l\u00e8ve de Giovanna Marini. Des &hellip; <\/p>\n<p class=\"link-more\"><a href=\"https:\/\/lamaggese.fr\/index.php\/oriamo\/\" class=\"more-link\">Continuer la lecture<span class=\"screen-reader-text\"> de &laquo;&nbsp;ORIAMU&nbsp;&raquo;<\/span><\/a><\/p>\n","protected":false},"author":1,"featured_media":0,"parent":0,"menu_order":0,"comment_status":"closed","ping_status":"closed","template":"","meta":{"footnotes":""},"class_list":["post-920","page","type-page","status-publish","hentry"],"_links":{"self":[{"href":"https:\/\/lamaggese.fr\/index.php\/wp-json\/wp\/v2\/pages\/920","targetHints":{"allow":["GET"]}}],"collection":[{"href":"https:\/\/lamaggese.fr\/index.php\/wp-json\/wp\/v2\/pages"}],"about":[{"href":"https:\/\/lamaggese.fr\/index.php\/wp-json\/wp\/v2\/types\/page"}],"author":[{"embeddable":true,"href":"https:\/\/lamaggese.fr\/index.php\/wp-json\/wp\/v2\/users\/1"}],"replies":[{"embeddable":true,"href":"https:\/\/lamaggese.fr\/index.php\/wp-json\/wp\/v2\/comments?post=920"}],"version-history":[{"count":13,"href":"https:\/\/lamaggese.fr\/index.php\/wp-json\/wp\/v2\/pages\/920\/revisions"}],"predecessor-version":[{"id":1699,"href":"https:\/\/lamaggese.fr\/index.php\/wp-json\/wp\/v2\/pages\/920\/revisions\/1699"}],"wp:attachment":[{"href":"https:\/\/lamaggese.fr\/index.php\/wp-json\/wp\/v2\/media?parent=920"}],"curies":[{"name":"wp","href":"https:\/\/api.w.org\/{rel}","templated":true}]}}

<hr class="wp-block-separator has-alpha-channel-opacity"/>



<figure class="wp-block-gallery aligncenter has-nested-images columns-default is-cropped wp-block-gallery-1 is-layout-flex wp-block-gallery-is-layout-flex">
<figure class="wp-block-image size-full"><img loading="lazy" decoding="async" width="860" height="619" data-id="1123" src="https://lamaggese.fr/wp-content/uploads/2023/07/Capture-decran-2023-07-19-a-10.47.38-2.png" alt="" class="wp-image-1123" srcset="https://lamaggese.fr/wp-content/uploads/2023/07/Capture-decran-2023-07-19-a-10.47.38-2.png 860w, https://lamaggese.fr/wp-content/uploads/2023/07/Capture-decran-2023-07-19-a-10.47.38-2-300x216.png 300w, https://lamaggese.fr/wp-content/uploads/2023/07/Capture-decran-2023-07-19-a-10.47.38-2-768x553.png 768w" sizes="auto, (max-width: 767px) 89vw, (max-width: 1000px) 54vw, (max-width: 1071px) 543px, 580px" /></figure>



<figure class="wp-block-image size-full"><img loading="lazy" decoding="async" width="744" height="529" data-id="1065" src="https://lamaggese.fr/wp-content/uploads/2023/05/choeur-Oriamu.jpg" alt="" class="wp-image-1065" srcset="https://lamaggese.fr/wp-content/uploads/2023/05/choeur-Oriamu.jpg 744w, https://lamaggese.fr/wp-content/uploads/2023/05/choeur-Oriamu-300x213.jpg 300w" sizes="auto, (max-width: 706px) 89vw, (max-width: 767px) 82vw, 740px" /></figure>
</figure>



<p>Le groupe Oriamu s’est formé en 2021, à Boissy l&rsquo;Aillerie, sous la direction de Margherita Trefoloni. Le noyaux dur du groupe avait déjà une longue expérience dans le chant traditionnel italien et non, puisque il s&rsquo;était formé auparavant autour de la chanteuse et constructrice de flutes traversières baroques Claire Subeyran, élève de Giovanna Marini. Des voix d’hommes et de femmes qui continuent de se façonner au chant italien de tradition orale. Du Val d’Aoste aux Pouilles, à la recherche de la poésie populaire que ces chants portent en eux.</p>



<blockquote class="wp-block-quote is-layout-flow wp-block-quote-is-layout-flow">
<blockquote class="wp-block-quote is-layout-flow wp-block-quote-is-layout-flow">
<figure class="wp-block-table"><table><tbody><tr><td><strong>Portes Ouvertes le 6 septembre à La maison pour tous à Boissy l&rsquo;Aillerie </strong><br><br><strong><u>Dates</u> :</strong> <strong>Reprise le 17 septembre !</strong><br><strong>17/09 ; 01/10 ; 15/10 ; 12/11 ; 26/11 ; 03/12 ; 17/12 ; 14/01 ; 28/01 ; 11/02 ; 18/02 ;  18/03 ; 25/03 ; 08/04 ; 25/04 ; 13/05 ; 27/05 ; 10/06 ; 24/06</strong><br><br>Le chœur se retrouve deux mercredis par mois de 18h30 à 21h<br><br><em><strong>Rencontre prévue : </strong>du vendredi 14 novembre au dimanche 16 novembre 2025</em></td></tr></tbody></table></figure>
</blockquote>
</blockquote>



<p><strong>Lieu :&nbsp;</strong>BOISSY L’AILLERIE</p>



<p><a target="_blank" href="https://lamaggese.fr/index.php/oriamo/" rel="noreferrer noopener"><strong>+ d&rsquo;infos&nbsp;</strong></a><strong>:</strong>&nbsp;margherita.trefoloni@gmail.com</p>

<p>Le groupe Oriamu s’est formé en 2021, à Boissy l&rsquo;Aillerie, sous la direction de Margherita Trefoloni. Le noyaux dur du groupe avait déjà une longue expérience dans le chant traditionnel italien et non, puisque il s&rsquo;était formé auparavant autour de la chanteuse et constructrice de flutes traversières baroques Claire Subeyran, élève de Giovanna Marini. Des &hellip; </p>
<p class="link-more"><a href="https://lamaggese.fr/index.php/oriamo/" class="more-link">Continuer la lecture<span class="screen-reader-text"> de &laquo;&nbsp;ORIAMU&nbsp;&raquo;</span></a></p>
