{"id":75,"date":"2017-01-16T15:24:54","date_gmt":"2017-01-16T14:24:54","guid":{"rendered":"http:\/\/lamaggese.fr\/?page_id=75"},"modified":"2017-01-16T15:24:54","modified_gmt":"2017-01-16T14:24:54","slug":"rites-de-passage","status":"publish","type":"page","link":"https:\/\/lamaggese.fr\/index.php\/rites-de-passage\/","title":{"rendered":"Rites de passage"},"content":{"rendered":"<article id=\"post-35\" class=\"post-35 page type-page status-publish hentry\">\n<div class=\"entry-content\">\n<h6><\/h6>\n<p><em>Texte et mise en sc\u00e8ne : Anna Andreotti<\/em><\/p>\n<p>Les anges, cr\u00e9atures l\u00e9gendaires et myst\u00e9rieuses, qui peuplent nos mythes depuis les temps les plus recul\u00e9s, sont les h\u00e9ros de cette histoire, de cette rencontre po\u00e9tique. L\u2019auteur, depuis toujours fascin\u00e9e par cette id\u00e9e de cr\u00e9ature protectrice lui consacre ce texte. Une femme \u00e9gar\u00e9e dans sa propre vie, retrouve son chemin gr\u00e2ce \u00e0 la rencontre avec son ange. Son ange ou elle- m\u00eame ? La question est et reste enti\u00e8re, tant l\u2019ambigu\u00eft\u00e9 est pr\u00e9serv\u00e9e.<\/p>\n<p>\u00celot po\u00e9tique, Rites de passage est un r\u00eave et une question, une recherche et un moment de r\u00e9pit face au quotidien\u2026L\u2019Ange :<\/p>\n<blockquote><p>\u00ab \u2026Tu voulais savoir ce qu\u2019il y avait dans la t\u00eate<br \/>\ndes hommes, ce qu\u2019ils pensent, lorsque, fatigu\u00e9s,<br \/>\nils s\u2019abandonnent entre mes bras<br \/>\nLorsqu\u2019ils ne veulent plus travailler,<br \/>\nlorsqu\u2019ils ne veulent plus chercher une femme<br \/>\nMais que ce soit une femme qui les cherche,<br \/>\nLorsque, la t\u00eate entre les mains, assis dans une gare,<br \/>\nIls regardent les trains passer\u2026 \u00bb<\/p><\/blockquote>\n<\/div>\n<footer class=\"entry-meta\"><\/footer>\n<\/article>\n<div id=\"comments\"><\/div>\n","protected":false},"excerpt":{"rendered":"<p>Texte et mise en sc\u00e8ne : Anna Andreotti Les anges, cr\u00e9atures l\u00e9gendaires et myst\u00e9rieuses, qui peuplent nos mythes depuis les temps les plus recul\u00e9s, sont les h\u00e9ros de cette histoire, de cette rencontre po\u00e9tique. L\u2019auteur, depuis toujours fascin\u00e9e par cette id\u00e9e de cr\u00e9ature protectrice lui consacre ce texte. Une femme \u00e9gar\u00e9e dans sa propre vie, &hellip; <\/p>\n<p class=\"link-more\"><a href=\"https:\/\/lamaggese.fr\/index.php\/rites-de-passage\/\" class=\"more-link\">Continuer la lecture<span class=\"screen-reader-text\"> de &laquo;&nbsp;Rites de passage&nbsp;&raquo;<\/span><\/a><\/p>\n","protected":false},"author":1,"featured_media":0,"parent":0,"menu_order":0,"comment_status":"closed","ping_status":"closed","template":"","meta":{"footnotes":""},"class_list":["post-75","page","type-page","status-publish","hentry"],"_links":{"self":[{"href":"https:\/\/lamaggese.fr\/index.php\/wp-json\/wp\/v2\/pages\/75","targetHints":{"allow":["GET"]}}],"collection":[{"href":"https:\/\/lamaggese.fr\/index.php\/wp-json\/wp\/v2\/pages"}],"about":[{"href":"https:\/\/lamaggese.fr\/index.php\/wp-json\/wp\/v2\/types\/page"}],"author":[{"embeddable":true,"href":"https:\/\/lamaggese.fr\/index.php\/wp-json\/wp\/v2\/users\/1"}],"replies":[{"embeddable":true,"href":"https:\/\/lamaggese.fr\/index.php\/wp-json\/wp\/v2\/comments?post=75"}],"version-history":[{"count":1,"href":"https:\/\/lamaggese.fr\/index.php\/wp-json\/wp\/v2\/pages\/75\/revisions"}],"predecessor-version":[{"id":76,"href":"https:\/\/lamaggese.fr\/index.php\/wp-json\/wp\/v2\/pages\/75\/revisions\/76"}],"wp:attachment":[{"href":"https:\/\/lamaggese.fr\/index.php\/wp-json\/wp\/v2\/media?parent=75"}],"curies":[{"name":"wp","href":"https:\/\/api.w.org\/{rel}","templated":true}]}}