{"id":68,"date":"2017-01-16T15:23:25","date_gmt":"2017-01-16T14:23:25","guid":{"rendered":"http:\/\/lamaggese.fr\/?page_id=68"},"modified":"2017-01-16T15:23:30","modified_gmt":"2017-01-16T14:23:30","slug":"monologue-de-tita","status":"publish","type":"page","link":"https:\/\/lamaggese.fr\/index.php\/monologue-de-tita\/","title":{"rendered":"Monologue de Tita"},"content":{"rendered":"<h6><\/h6>\n<p><em>extrait de CHAMBRES de Philippe Minyana<\/em><\/p>\n<blockquote><p>\u00ab Peut-on dire qu\u2019on a crois\u00e9 un jour dans la rue ou ailleurs l\u2019un ou l\u2019autre des personnages de CHAMBRES (\u2026) ? Au premier abord, on dirait que oui, peut- \u00eatre ces silhouettes nous disent quelque chose. Mais, se d\u00e9calent-t-ils du r\u00e9el tout simplement parce que chez eux la fissure, la craquelure b\u00e2illent un peu plus que chez les autres ? \u00bb No\u00eblle RENAUDE<\/p><\/blockquote>\n<p>Tita est un de ces humains, dans sa bouche les mots se croisent, s\u2019entrechoquent dans l\u2019\u00e9lan d\u00e9sesp\u00e9r\u00e9 de nommer le drame qu\u2019elle vit.P. Minyana est n\u00e9 en 1946 \u00e0 Besan\u00e7on ; il a \u00e9crit depuis 1980 une quinzaine de pi\u00e8ces, cr\u00e9\u00e9es par des metteurs en sc\u00e8ne d\u2019horizons diff\u00e9rents, tels que Robert CANTARELLA, Alain FRANCON et Edith SCOB. On a pu les entendre \u00e0 France Culture dans le Nouveau r\u00e9pertoire dramatique de Lucien ATTOUN<\/p>\n","protected":false},"excerpt":{"rendered":"<p>extrait de CHAMBRES de Philippe Minyana \u00ab Peut-on dire qu\u2019on a crois\u00e9 un jour dans la rue ou ailleurs l\u2019un ou l\u2019autre des personnages de CHAMBRES (\u2026) ? Au premier abord, on dirait que oui, peut- \u00eatre ces silhouettes nous disent quelque chose. Mais, se d\u00e9calent-t-ils du r\u00e9el tout simplement parce que chez eux la &hellip; <\/p>\n<p class=\"link-more\"><a href=\"https:\/\/lamaggese.fr\/index.php\/monologue-de-tita\/\" class=\"more-link\">Continuer la lecture<span class=\"screen-reader-text\"> de &laquo;&nbsp;Monologue de Tita&nbsp;&raquo;<\/span><\/a><\/p>\n","protected":false},"author":1,"featured_media":0,"parent":0,"menu_order":0,"comment_status":"closed","ping_status":"closed","template":"","meta":{"footnotes":""},"class_list":["post-68","page","type-page","status-publish","hentry"],"_links":{"self":[{"href":"https:\/\/lamaggese.fr\/index.php\/wp-json\/wp\/v2\/pages\/68","targetHints":{"allow":["GET"]}}],"collection":[{"href":"https:\/\/lamaggese.fr\/index.php\/wp-json\/wp\/v2\/pages"}],"about":[{"href":"https:\/\/lamaggese.fr\/index.php\/wp-json\/wp\/v2\/types\/page"}],"author":[{"embeddable":true,"href":"https:\/\/lamaggese.fr\/index.php\/wp-json\/wp\/v2\/users\/1"}],"replies":[{"embeddable":true,"href":"https:\/\/lamaggese.fr\/index.php\/wp-json\/wp\/v2\/comments?post=68"}],"version-history":[{"count":2,"href":"https:\/\/lamaggese.fr\/index.php\/wp-json\/wp\/v2\/pages\/68\/revisions"}],"predecessor-version":[{"id":70,"href":"https:\/\/lamaggese.fr\/index.php\/wp-json\/wp\/v2\/pages\/68\/revisions\/70"}],"wp:attachment":[{"href":"https:\/\/lamaggese.fr\/index.php\/wp-json\/wp\/v2\/media?parent=68"}],"curies":[{"name":"wp","href":"https:\/\/api.w.org\/{rel}","templated":true}]}}