{"id":569,"date":"2022-05-24T10:50:49","date_gmt":"2022-05-24T08:50:49","guid":{"rendered":"https:\/\/lamaggese.fr\/?page_id=569"},"modified":"2025-09-23T14:36:53","modified_gmt":"2025-09-23T12:36:53","slug":"stations-sete","status":"publish","type":"page","link":"https:\/\/lamaggese.fr\/index.php\/stations-sete\/","title":{"rendered":"\u00ab\u00a0Venez \u00e0 S\u00e8te !\u00a0\u00bb"},"content":{"rendered":"\n<p class=\"has-text-align-center\">12\u00e8me\u00a0<em>Station\u00a0<\/em>du projet :\u00a0<em>Sur les traces de l\u2019Immigration Italienne<\/em><\/p>\n\n\n\n<p class=\"has-text-align-center\"><strong>CHANTS ET M\u00c9MOIRES DES IMMIGR\u00c9S ET FILS D\u2019IMMIGR\u00c9S ITALIENS \u00c0 S\u00c8TE.<\/strong><\/p>\n\n\n\n<p class=\"has-text-align-center\"><strong>SPECTACLE-CONCERT<\/strong><\/p>\n\n\n\n<figure class=\"wp-block-gallery has-nested-images columns-default is-cropped wp-block-gallery-1 is-layout-flex wp-block-gallery-is-layout-flex\">\n<figure class=\"wp-block-image size-full\"><img loading=\"lazy\" decoding=\"async\" width=\"904\" height=\"669\" data-id=\"1541\" src=\"https:\/\/lamaggese.fr\/wp-content\/uploads\/2024\/11\/1.png\" alt=\"\" class=\"wp-image-1541\" srcset=\"https:\/\/lamaggese.fr\/wp-content\/uploads\/2024\/11\/1.png 904w, https:\/\/lamaggese.fr\/wp-content\/uploads\/2024\/11\/1-300x222.png 300w, https:\/\/lamaggese.fr\/wp-content\/uploads\/2024\/11\/1-768x568.png 768w\" sizes=\"auto, (max-width: 767px) 89vw, (max-width: 1000px) 54vw, (max-width: 1071px) 543px, 580px\" \/><\/figure>\n\n\n\n<figure class=\"wp-block-image size-full\"><img loading=\"lazy\" decoding=\"async\" width=\"1018\" height=\"665\" data-id=\"1543\" src=\"https:\/\/lamaggese.fr\/wp-content\/uploads\/2024\/11\/6.png\" alt=\"\" class=\"wp-image-1543\" srcset=\"https:\/\/lamaggese.fr\/wp-content\/uploads\/2024\/11\/6.png 1018w, https:\/\/lamaggese.fr\/wp-content\/uploads\/2024\/11\/6-300x196.png 300w, https:\/\/lamaggese.fr\/wp-content\/uploads\/2024\/11\/6-768x502.png 768w\" sizes=\"auto, (max-width: 767px) 89vw, (max-width: 1000px) 54vw, (max-width: 1071px) 543px, 580px\" \/><\/figure>\n\n\n\n<figure class=\"wp-block-image size-full\"><img loading=\"lazy\" decoding=\"async\" width=\"894\" height=\"667\" data-id=\"1544\" src=\"https:\/\/lamaggese.fr\/wp-content\/uploads\/2024\/11\/Venez-a-Sete-Cie-Maggese.png\" alt=\"\" class=\"wp-image-1544\" srcset=\"https:\/\/lamaggese.fr\/wp-content\/uploads\/2024\/11\/Venez-a-Sete-Cie-Maggese.png 894w, https:\/\/lamaggese.fr\/wp-content\/uploads\/2024\/11\/Venez-a-Sete-Cie-Maggese-300x224.png 300w, https:\/\/lamaggese.fr\/wp-content\/uploads\/2024\/11\/Venez-a-Sete-Cie-Maggese-768x573.png 768w\" sizes=\"auto, (max-width: 767px) 89vw, (max-width: 1000px) 54vw, (max-width: 1071px) 543px, 580px\" \/><\/figure>\n<\/figure>\n\n\n\n<p><strong>Avec :<br>Le Ch\u0153ur de l\u2019\u00c9migration de Montreuil.<\/strong><\/p>\n\n\n\n<p><strong>Les com\u00e9diens chanteurs : Bruno Ouzeau, Margherita Trefoloni, Nathalie Meurzec.<br><\/strong><\/p>\n\n\n\n<p><strong>Collectage, dramaturgie et direction musicale : Anna Andreotti.<\/strong><\/p>\n\n\n\n<p class=\"has-text-align-center\"><strong>UN SPECTACLE SUR LES ITALIENS DE S\u00c8TE<\/strong><\/p>\n\n\n\n<p>Depuis 2015, Anna Andreotti a recueilli aupr\u00e8s de plusieurs familles s\u00e9toises les souvenirs de leur histoire, du parcours de migration de leurs anc\u00eatres, depuis Gaeta, Cetara, et l\u2019Alg\u00e9rie, et de leur insertion dans la ville qui les a accueillis. Au cours de longs entretiens, les espoirs, les efforts, les joies et les peines de ces vies simples lui ont \u00e9t\u00e9 confi\u00e9s, avec le souci de leur transmission aux jeunes g\u00e9n\u00e9rations.<\/p>\n\n\n\n<p>Interrompue par l\u2019\u00e9pid\u00e9mie de COVID, la collecte a \u00e9t\u00e9 reprise en 2019. Le mat\u00e9riel recueilli lors de ces rencontres constitue la trame du spectacle \u00ab Venez \u00e0 S\u00e8te \u00bb. Il tisse les souvenirs et les chants port\u00e9s par des com\u00e9diens professionnels, et un ch\u0153ur amateur le Ch\u0153ur de l\u2019\u00c9migration qui est un vrai protagoniste de cette histoire.<\/p>\n\n\n\n<p>Tous les S\u00e9tois se sentiront concern\u00e9s par cette \u00e9vocation de l\u2019histoire d\u2019une partie de ses habitants, qui ont inscrit leur marque dans la culture de leur cit\u00e9.<\/p>\n\n\n\n<figure class=\"wp-block-embed is-type-video is-provider-youtube wp-block-embed-youtube wp-embed-aspect-16-9 wp-has-aspect-ratio\"><div class=\"wp-block-embed__wrapper\">\n<iframe loading=\"lazy\" title=\"Venez \u00e0 s\u00e8te ! 11\u00e8me station du projet &quot;Sur les traces de l&#039;immigration italienne&quot;\" width=\"525\" height=\"295\" src=\"https:\/\/www.youtube.com\/embed\/oPULwdzhzLM?feature=oembed\" frameborder=\"0\" allow=\"accelerometer; autoplay; clipboard-write; encrypted-media; gyroscope; picture-in-picture; web-share\" referrerpolicy=\"strict-origin-when-cross-origin\" allowfullscreen><\/iframe>\n<\/div><figcaption class=\"wp-element-caption\">1\u00e8re repr\u00e9sentation \u00ab\u00a0Venez \u00e0 S\u00e8te !\u00a0\u00bb aux Chapiteaux Turbulents! \u00e0 Paris<\/figcaption><\/figure>\n\n\n\n<div data-wp-interactive=\"core\/file\" class=\"wp-block-file\"><object data-wp-bind--hidden=\"!state.hasPdfPreview\" hidden class=\"wp-block-file__embed\" data=\"https:\/\/lamaggese.fr\/wp-content\/uploads\/2024\/04\/Venez-a-Sete-Compagnie-Maggese.pdf\" type=\"application\/pdf\" style=\"width:100%;height:600px\" aria-label=\"Contenu embarqu\u00e9 Venez-a-Sete-Compagnie-Maggese.\"><\/object><a id=\"wp-block-file--media-1baab11e-a486-4936-b6f1-78ff061fdc3e\" href=\"https:\/\/lamaggese.fr\/wp-content\/uploads\/2024\/04\/Venez-a-Sete-Compagnie-Maggese.pdf\">Venez-a-Sete-Compagnie-Maggese<\/a><a href=\"https:\/\/lamaggese.fr\/wp-content\/uploads\/2024\/04\/Venez-a-Sete-Compagnie-Maggese.pdf\" class=\"wp-block-file__button wp-element-button\" download aria-describedby=\"wp-block-file--media-1baab11e-a486-4936-b6f1-78ff061fdc3e\">T\u00e9l\u00e9charger<\/a><\/div>\n","protected":false},"excerpt":{"rendered":"<p>12\u00e8me\u00a0Station\u00a0du projet :\u00a0Sur les traces de l\u2019Immigration Italienne CHANTS ET M\u00c9MOIRES DES IMMIGR\u00c9S ET FILS D\u2019IMMIGR\u00c9S ITALIENS \u00c0 S\u00c8TE. SPECTACLE-CONCERT Avec :Le Ch\u0153ur de l\u2019\u00c9migration de Montreuil. Les com\u00e9diens chanteurs : Bruno Ouzeau, Margherita Trefoloni, Nathalie Meurzec. Collectage, dramaturgie et direction musicale : Anna Andreotti. UN SPECTACLE SUR LES ITALIENS DE S\u00c8TE Depuis 2015, Anna &hellip; <\/p>\n<p class=\"link-more\"><a href=\"https:\/\/lamaggese.fr\/index.php\/stations-sete\/\" class=\"more-link\">Continuer la lecture<span class=\"screen-reader-text\"> de &laquo;&nbsp;\u00ab\u00a0Venez \u00e0 S\u00e8te !\u00a0\u00bb&nbsp;&raquo;<\/span><\/a><\/p>\n","protected":false},"author":1,"featured_media":0,"parent":0,"menu_order":0,"comment_status":"closed","ping_status":"closed","template":"","meta":{"footnotes":""},"class_list":["post-569","page","type-page","status-publish","hentry"],"_links":{"self":[{"href":"https:\/\/lamaggese.fr\/index.php\/wp-json\/wp\/v2\/pages\/569","targetHints":{"allow":["GET"]}}],"collection":[{"href":"https:\/\/lamaggese.fr\/index.php\/wp-json\/wp\/v2\/pages"}],"about":[{"href":"https:\/\/lamaggese.fr\/index.php\/wp-json\/wp\/v2\/types\/page"}],"author":[{"embeddable":true,"href":"https:\/\/lamaggese.fr\/index.php\/wp-json\/wp\/v2\/users\/1"}],"replies":[{"embeddable":true,"href":"https:\/\/lamaggese.fr\/index.php\/wp-json\/wp\/v2\/comments?post=569"}],"version-history":[{"count":6,"href":"https:\/\/lamaggese.fr\/index.php\/wp-json\/wp\/v2\/pages\/569\/revisions"}],"predecessor-version":[{"id":1714,"href":"https:\/\/lamaggese.fr\/index.php\/wp-json\/wp\/v2\/pages\/569\/revisions\/1714"}],"wp:attachment":[{"href":"https:\/\/lamaggese.fr\/index.php\/wp-json\/wp\/v2\/media?parent=569"}],"curies":[{"name":"wp","href":"https:\/\/api.w.org\/{rel}","templated":true}]}}

« Venez à Sète ! »

<p class="has-text-align-center">12ème <em>Station </em>du projet : <em>Sur les traces de l’Immigration Italienne</em></p>



<p class="has-text-align-center"><strong>CHANTS ET MÉMOIRES DES IMMIGRÉS ET FILS D’IMMIGRÉS ITALIENS À SÈTE.</strong></p>



<p class="has-text-align-center"><strong>SPECTACLE-CONCERT</strong></p>



<figure class="wp-block-gallery has-nested-images columns-default is-cropped wp-block-gallery-1 is-layout-flex wp-block-gallery-is-layout-flex">
<figure class="wp-block-image size-full"><img loading="lazy" decoding="async" width="904" height="669" data-id="1541" src="https://lamaggese.fr/wp-content/uploads/2024/11/1.png" alt="" class="wp-image-1541" srcset="https://lamaggese.fr/wp-content/uploads/2024/11/1.png 904w, https://lamaggese.fr/wp-content/uploads/2024/11/1-300x222.png 300w, https://lamaggese.fr/wp-content/uploads/2024/11/1-768x568.png 768w" sizes="auto, (max-width: 767px) 89vw, (max-width: 1000px) 54vw, (max-width: 1071px) 543px, 580px" /></figure>



<figure class="wp-block-image size-full"><img loading="lazy" decoding="async" width="1018" height="665" data-id="1543" src="https://lamaggese.fr/wp-content/uploads/2024/11/6.png" alt="" class="wp-image-1543" srcset="https://lamaggese.fr/wp-content/uploads/2024/11/6.png 1018w, https://lamaggese.fr/wp-content/uploads/2024/11/6-300x196.png 300w, https://lamaggese.fr/wp-content/uploads/2024/11/6-768x502.png 768w" sizes="auto, (max-width: 767px) 89vw, (max-width: 1000px) 54vw, (max-width: 1071px) 543px, 580px" /></figure>



<figure class="wp-block-image size-full"><img loading="lazy" decoding="async" width="894" height="667" data-id="1544" src="https://lamaggese.fr/wp-content/uploads/2024/11/Venez-a-Sete-Cie-Maggese.png" alt="" class="wp-image-1544" srcset="https://lamaggese.fr/wp-content/uploads/2024/11/Venez-a-Sete-Cie-Maggese.png 894w, https://lamaggese.fr/wp-content/uploads/2024/11/Venez-a-Sete-Cie-Maggese-300x224.png 300w, https://lamaggese.fr/wp-content/uploads/2024/11/Venez-a-Sete-Cie-Maggese-768x573.png 768w" sizes="auto, (max-width: 767px) 89vw, (max-width: 1000px) 54vw, (max-width: 1071px) 543px, 580px" /></figure>
</figure>



<p><strong>Avec :<br>Le Chœur de l’Émigration de Montreuil.</strong></p>



<p><strong>Les comédiens chanteurs : Bruno Ouzeau, Margherita Trefoloni, Nathalie Meurzec.<br></strong></p>



<p><strong>Collectage, dramaturgie et direction musicale : Anna Andreotti.</strong></p>



<p class="has-text-align-center"><strong>UN SPECTACLE SUR LES ITALIENS DE SÈTE</strong></p>



<p>Depuis 2015, Anna Andreotti a recueilli auprès de plusieurs familles sétoises les souvenirs de leur histoire, du parcours de migration de leurs ancêtres, depuis Gaeta, Cetara, et l’Algérie, et de leur insertion dans la ville qui les a accueillis. Au cours de longs entretiens, les espoirs, les efforts, les joies et les peines de ces vies simples lui ont été confiés, avec le souci de leur transmission aux jeunes générations.</p>



<p>Interrompue par l’épidémie de COVID, la collecte a été reprise en 2019. Le matériel recueilli lors de ces rencontres constitue la trame du spectacle « Venez à Sète ». Il tisse les souvenirs et les chants portés par des comédiens professionnels, et un chœur amateur le Chœur de l’Émigration qui est un vrai protagoniste de cette histoire.</p>



<p>Tous les Sétois se sentiront concernés par cette évocation de l’histoire d’une partie de ses habitants, qui ont inscrit leur marque dans la culture de leur cité.</p>



<figure class="wp-block-embed is-type-video is-provider-youtube wp-block-embed-youtube wp-embed-aspect-16-9 wp-has-aspect-ratio"><div class="wp-block-embed__wrapper">
<iframe loading="lazy" title="Venez à sète ! 11ème station du projet &quot;Sur les traces de l&#039;immigration italienne&quot;" width="525" height="295" src="https://www.youtube.com/embed/oPULwdzhzLM?feature=oembed" frameborder="0" allow="accelerometer; autoplay; clipboard-write; encrypted-media; gyroscope; picture-in-picture; web-share" referrerpolicy="strict-origin-when-cross-origin" allowfullscreen></iframe>
</div><figcaption class="wp-element-caption">1ère représentation « Venez à Sète ! » aux Chapiteaux Turbulents! à Paris</figcaption></figure>



<div data-wp-interactive="core/file" class="wp-block-file"><object data-wp-bind--hidden="!state.hasPdfPreview" hidden class="wp-block-file__embed" data="https://lamaggese.fr/wp-content/uploads/2024/04/Venez-a-Sete-Compagnie-Maggese.pdf" type="application/pdf" style="width:100%;height:600px" aria-label="Contenu embarqué Venez-a-Sete-Compagnie-Maggese."></object><a id="wp-block-file--media-1baab11e-a486-4936-b6f1-78ff061fdc3e" href="https://lamaggese.fr/wp-content/uploads/2024/04/Venez-a-Sete-Compagnie-Maggese.pdf">Venez-a-Sete-Compagnie-Maggese</a><a href="https://lamaggese.fr/wp-content/uploads/2024/04/Venez-a-Sete-Compagnie-Maggese.pdf" class="wp-block-file__button wp-element-button" download aria-describedby="wp-block-file--media-1baab11e-a486-4936-b6f1-78ff061fdc3e">Télécharger</a></div>

<p>12ème Station du projet : Sur les traces de l’Immigration Italienne CHANTS ET MÉMOIRES DES IMMIGRÉS ET FILS D’IMMIGRÉS ITALIENS À SÈTE. SPECTACLE-CONCERT Avec :Le Chœur de l’Émigration de Montreuil. Les comédiens chanteurs : Bruno Ouzeau, Margherita Trefoloni, Nathalie Meurzec. Collectage, dramaturgie et direction musicale : Anna Andreotti. UN SPECTACLE SUR LES ITALIENS DE SÈTE Depuis 2015, Anna &hellip; </p>
<p class="link-more"><a href="https://lamaggese.fr/index.php/stations-sete/" class="more-link">Continuer la lecture<span class="screen-reader-text"> de &laquo;&nbsp;« Venez à Sète ! »&nbsp;&raquo;</span></a></p>
