{"id":532,"date":"2022-05-23T10:58:23","date_gmt":"2022-05-23T08:58:23","guid":{"rendered":"https:\/\/lamaggese.fr\/?page_id=532"},"modified":"2024-11-04T15:33:12","modified_gmt":"2024-11-04T14:33:12","slug":"et-toute-litalie-se-remet-a-chanter","status":"publish","type":"page","link":"https:\/\/lamaggese.fr\/index.php\/il-suffirait-dun-jour-de-soleil\/et-toute-litalie-se-remet-a-chanter\/","title":{"rendered":"Et toute l&rsquo;Italie se remet \u00e0 chanter &#8211; voyage musical et po\u00e9tique dans l&rsquo;Italie du XX\u00e8me si\u00e8cle"},"content":{"rendered":"\n<hr class=\"wp-block-separator has-css-opacity\"\/>\n\n\n\n<p><strong>Note d\u2019intention<\/strong><\/p>\n\n\n\n<p class=\"has-text-color\" style=\"color:#6e1b1b\">\u201c Comment raconter l\u2019Histoire, son histoire, celle qui a construit nos parents, grands-parents, celle qui nous a fait aujourd\u2019hui citoyens du monde ?<\/p>\n\n\n\n<p class=\"has-text-color\" style=\"color:#631919\">&#8211; En chantant !<br>&#8211; Et puis ?<br>&#8211; En partageant ce qui nous a construit dans l\u2019\u00e2me ! &#8211; Et c\u2019est quoi ?<br>&#8211; La po\u00e9sie !!!! \u00ab\u00a0<\/p>\n\n\n<div class=\"wp-block-image\">\n<figure class=\"aligncenter size-large\"><img loading=\"lazy\" decoding=\"async\" width=\"1024\" height=\"768\" src=\"https:\/\/lamaggese.fr\/wp-content\/uploads\/2022\/12\/26-1024x768.jpeg\" alt=\"\" class=\"wp-image-846\" srcset=\"https:\/\/lamaggese.fr\/wp-content\/uploads\/2022\/12\/26-1024x768.jpeg 1024w, https:\/\/lamaggese.fr\/wp-content\/uploads\/2022\/12\/26-300x225.jpeg 300w, https:\/\/lamaggese.fr\/wp-content\/uploads\/2022\/12\/26-768x576.jpeg 768w, https:\/\/lamaggese.fr\/wp-content\/uploads\/2022\/12\/26-1536x1152.jpeg 1536w, https:\/\/lamaggese.fr\/wp-content\/uploads\/2022\/12\/26-2048x1536.jpeg 2048w\" sizes=\"auto, (max-width: 767px) 89vw, (max-width: 1000px) 54vw, (max-width: 1071px) 543px, 580px\" \/><\/figure>\n<\/div>\n\n\n<p><strong>Et toute l\u2019Italie se remet \u00e0 chanter!&nbsp;<\/strong>est un spectacle utile, humain parfois \u00e9clairant sur notre propre pr\u00e9sent de Fran\u00e7ais, d\u2019Italiens, d\u2019Europ\u00e9ens. Un spectacle pour faire d\u00e9couvrir une Italie loin des clich\u00e9s avec ses r\u00eaves et ses contradictions, une v\u00e9ritable approche musicale, po\u00e9tique et parfois ludique de la culture italienne.<\/p>\n\n\n\n<p>L\u2019Italie adul\u00e9e dans son pass\u00e9, mais aussi l\u2019Italie m\u00e9connue de son temps pr\u00e9sent, parle \u00e0 travers l\u2019intimit\u00e9 du chant ou la violence de sa r\u00e9volte. Elle nous guide avec la sinc\u00e9rit\u00e9 lucide des paroles des&nbsp;po\u00e8tes. Et enfin rena\u00eet fragile et \u00e9mouvante patrie, nation europ\u00e9enne l\u00e0, juste \u00e0 la fronti\u00e8re, si proche&nbsp;et si lointaine. Les moments marquants de l\u2019histoire du XX\u00e8me si\u00e8cles, les si\u00e8cles, les guerres, la lib\u00e9ration, les luttes ouvri\u00e8res, les r\u00e9volutions inachev\u00e9es, les \u00e9ternels retours \u00e0 l\u2019ordre.<\/p>\n\n\n\n<p>Anna et Margherita, nous chantent, chouchoutent avec douceur, v\u00e9h\u00e9mence et rage parfois, l\u2019amour d\u00e9chir\u00e9, incompris, mais toujours vivant pour leur terre !!<\/p>\n\n\n\n<p><\/p>\n\n\n<div class=\"wp-block-image\">\n<figure class=\"aligncenter size-full\"><img loading=\"lazy\" decoding=\"async\" width=\"902\" height=\"600\" src=\"https:\/\/lamaggese.fr\/wp-content\/uploads\/2022\/12\/photo-marghe-anna-glissees.png\" alt=\"\" class=\"wp-image-847\" srcset=\"https:\/\/lamaggese.fr\/wp-content\/uploads\/2022\/12\/photo-marghe-anna-glissees.png 902w, https:\/\/lamaggese.fr\/wp-content\/uploads\/2022\/12\/photo-marghe-anna-glissees-300x200.png 300w, https:\/\/lamaggese.fr\/wp-content\/uploads\/2022\/12\/photo-marghe-anna-glissees-768x511.png 768w\" sizes=\"auto, (max-width: 767px) 89vw, (max-width: 1000px) 54vw, (max-width: 1071px) 543px, 580px\" \/><\/figure>\n<\/div>\n\n\n<p>Spectacle con\u00e7u, et interpr\u00e9t\u00e9 par Anna Andreotti et Margherita Trefoloni <\/p>\n\n\n\n<p>Mise en sc\u00e8ne : Anne Quesemand <\/p>\n\n\n\n<p>Lumi\u00e8res, r\u00e9gie : Samuel Zucca <\/p>\n\n\n\n<p>Production : Maggese.<\/p>\n\n\n\n<figure class=\"wp-block-embed is-type-video is-provider-youtube wp-block-embed-youtube wp-embed-aspect-16-9 wp-has-aspect-ratio\"><div class=\"wp-block-embed__wrapper\">\n<iframe loading=\"lazy\" title=\"Et toute l&#039;Italie se remet \u00e0 chanter - Duo &quot;Il suffirait d&#039;u jour de soleil&quot; - Compagnie Maggese\" width=\"525\" height=\"295\" src=\"https:\/\/www.youtube.com\/embed\/N60TXT8FRFc?feature=oembed\" frameborder=\"0\" allow=\"accelerometer; autoplay; clipboard-write; encrypted-media; gyroscope; picture-in-picture; web-share\" referrerpolicy=\"strict-origin-when-cross-origin\" allowfullscreen><\/iframe>\n<\/div><\/figure>\n\n\n\n<hr class=\"wp-block-separator has-css-opacity\"\/>\n\n\n\n<div data-wp-interactive=\"core\/file\" class=\"wp-block-file\"><object data-wp-bind--hidden=\"!state.hasPdfPreview\" hidden class=\"wp-block-file__embed\" data=\"https:\/\/lamaggese.fr\/wp-content\/uploads\/2022\/12\/Et-toute-lItalie-se-remet-a-chanter-duo-Maggese.pdf\" type=\"application\/pdf\" style=\"width:100%;height:600px\" aria-label=\"Contenu embarqu\u00e9 Et-toute-lItalie-se-remet-a-chanter-duo-Maggese.\"><\/object><a id=\"wp-block-file--media-701e638d-09bd-419a-92a6-ec6ebecb3ec0\" href=\"https:\/\/lamaggese.fr\/wp-content\/uploads\/2022\/12\/Et-toute-lItalie-se-remet-a-chanter-duo-Maggese.pdf\">Et-toute-lItalie-se-remet-a-chanter-duo-Maggese<\/a><a href=\"https:\/\/lamaggese.fr\/wp-content\/uploads\/2022\/12\/Et-toute-lItalie-se-remet-a-chanter-duo-Maggese.pdf\" class=\"wp-block-file__button wp-element-button\" download aria-describedby=\"wp-block-file--media-701e638d-09bd-419a-92a6-ec6ebecb3ec0\">T\u00e9l\u00e9charger<\/a><\/div>\n\n\n\n<p><\/p>\n","protected":false},"excerpt":{"rendered":"<p>Note d\u2019intention \u201c Comment raconter l\u2019Histoire, son histoire, celle qui a construit nos parents, grands-parents, celle qui nous a fait aujourd\u2019hui citoyens du monde ? &#8211; En chantant !&#8211; Et puis ?&#8211; En partageant ce qui nous a construit dans l\u2019\u00e2me ! &#8211; Et c\u2019est quoi ?&#8211; La po\u00e9sie !!!! \u00ab\u00a0 Et toute l\u2019Italie se &hellip; <\/p>\n<p class=\"link-more\"><a href=\"https:\/\/lamaggese.fr\/index.php\/il-suffirait-dun-jour-de-soleil\/et-toute-litalie-se-remet-a-chanter\/\" class=\"more-link\">Continuer la lecture<span class=\"screen-reader-text\"> de &laquo;&nbsp;Et toute l&rsquo;Italie se remet \u00e0 chanter &#8211; voyage musical et po\u00e9tique dans l&rsquo;Italie du XX\u00e8me si\u00e8cle&nbsp;&raquo;<\/span><\/a><\/p>\n","protected":false},"author":1,"featured_media":0,"parent":32,"menu_order":1,"comment_status":"closed","ping_status":"closed","template":"","meta":{"footnotes":""},"class_list":["post-532","page","type-page","status-publish","hentry"],"_links":{"self":[{"href":"https:\/\/lamaggese.fr\/index.php\/wp-json\/wp\/v2\/pages\/532","targetHints":{"allow":["GET"]}}],"collection":[{"href":"https:\/\/lamaggese.fr\/index.php\/wp-json\/wp\/v2\/pages"}],"about":[{"href":"https:\/\/lamaggese.fr\/index.php\/wp-json\/wp\/v2\/types\/page"}],"author":[{"embeddable":true,"href":"https:\/\/lamaggese.fr\/index.php\/wp-json\/wp\/v2\/users\/1"}],"replies":[{"embeddable":true,"href":"https:\/\/lamaggese.fr\/index.php\/wp-json\/wp\/v2\/comments?post=532"}],"version-history":[{"count":7,"href":"https:\/\/lamaggese.fr\/index.php\/wp-json\/wp\/v2\/pages\/532\/revisions"}],"predecessor-version":[{"id":1524,"href":"https:\/\/lamaggese.fr\/index.php\/wp-json\/wp\/v2\/pages\/532\/revisions\/1524"}],"up":[{"embeddable":true,"href":"https:\/\/lamaggese.fr\/index.php\/wp-json\/wp\/v2\/pages\/32"}],"wp:attachment":[{"href":"https:\/\/lamaggese.fr\/index.php\/wp-json\/wp\/v2\/media?parent=532"}],"curies":[{"name":"wp","href":"https:\/\/api.w.org\/{rel}","templated":true}]}}