{"id":420,"date":"2022-03-18T10:33:53","date_gmt":"2022-03-18T09:33:53","guid":{"rendered":"https:\/\/lamaggese.fr\/?page_id=420"},"modified":"2025-09-23T12:29:11","modified_gmt":"2025-09-23T10:29:11","slug":"equipe","status":"publish","type":"page","link":"https:\/\/lamaggese.fr\/index.php\/equipe\/","title":{"rendered":"\u00c9quipe"},"content":{"rendered":"\n<p><strong>Anna Andreotti <\/strong><\/p>\n\n\n\n<figure class=\"wp-block-image size-thumbnail is-style-rounded\"><img loading=\"lazy\" decoding=\"async\" width=\"150\" height=\"150\" src=\"https:\/\/lamaggese.fr\/wp-content\/uploads\/2022\/03\/Capture-decran-2022-03-18-a-11.48.09-1-150x150.png\" alt=\"\" class=\"wp-image-448\" srcset=\"https:\/\/lamaggese.fr\/wp-content\/uploads\/2022\/03\/Capture-decran-2022-03-18-a-11.48.09-1-150x150.png 150w, https:\/\/lamaggese.fr\/wp-content\/uploads\/2022\/03\/Capture-decran-2022-03-18-a-11.48.09-1-100x100.png 100w\" sizes=\"auto, (max-width: 150px) 100vw, 150px\" \/><figcaption class=\"wp-element-caption\">com\u00e9dienne, metteur en sc\u00e8ne, chanteuse &amp; musicienne<\/figcaption><\/figure>\n\n\n\n<p>N\u00e9e \u00e0 Florence, elle commence le th\u00e9\u00e2tre apr\u00e8s des \u00e9tudes litt\u00e9raires, et musicales (piano et saxophone).<\/p>\n\n\n\n<p>En 1987, elle rejoint la compagnie fran\u00e7aise Le <strong>Th\u00e9\u00e2tre de la Sph\u00e8re<\/strong>.<\/p>\n\n\n\n<p>\u00c0 partir de 1991, elle \u00e9crit, met en sc\u00e8ne et interpr\u00e8te ses propres pi\u00e8ces tout en poursuivant son travail de com\u00e9dienne avec d\u2019autres compagnies en Italie et en France.<\/p>\n\n\n\n<p>En 1994, elle rencontre <strong>Giovanna Marini<\/strong>, avec qui elle se forme pendant 5 ans au Chant traditionnel italien.<\/p>\n\n\n\n<p>Cofondatrice du groupe <strong>PASSIO<\/strong>. Elle a chant\u00e9 avec :<\/p>\n\n\n\n<ul class=\"wp-block-list\">\n<li>Le ch\u0153ur <strong><em>Izegani<\/em><\/strong> dirig\u00e9 par <strong>N. Pourhosseini<\/strong> et <strong>B. Cirla<\/strong>; <\/li>\n\n\n\n<li>En premi\u00e8re partie de <strong>Anna Prucnal<\/strong>; Dans : \u00ab <strong><em>Am\u00f2ur me Am\u00f2ur<\/em><\/strong> \u00bb po\u00e8mes et chansons de <strong>P. P. Pasolini<\/strong> ; <\/li>\n\n\n\n<li>Le trio Charivari ; \u00ab <em><strong>Laissez moi chanter !<\/strong><\/em> \u00bb ; \u00ab <strong><em>Persanes<\/em><\/strong> \u00bb;<\/li>\n\n\n\n<li>Elle a \u00e9t\u00e9 assistante \u00e0 la musique sur \u00ab<strong><em>Le concile d\u2019Amour<\/em><\/strong>\u00bb de <strong>Panizza<\/strong>, <strong>m.e.s S. Sandor<\/strong>. <\/li>\n\n\n\n<li>A \u00e9galement dirig\u00e9 pendant 9 ans le groupe Chants de <strong>Rage et de R\u00e9volte<\/strong>.&nbsp;<\/li>\n\n\n\n<li>Mais aussi \u00e9t\u00e9 intervenante p\u00e9dagogique en chant traditionnel italien \u00e0 la <strong>Philarmonie de Paris<\/strong> depuis 12 ans et \u00e0 l\u2019\u00e9cole de langue et culture italienne <strong>Polimnia<\/strong>. <\/li>\n<\/ul>\n\n\n\n<p>Anna Andreotti a jou\u00e9 dans : <\/p>\n\n\n\n<ul class=\"wp-block-list\">\n<li>\u00ab <strong><em>Cut<\/em><\/strong> \u00bb d\u2019<strong>E.Marie<\/strong>; <\/li>\n\n\n\n<li>\u00ab <strong><em>Combat<\/em><\/strong> \u00bb de <strong>G. Granouillet m.e.s<\/strong> de <strong>J. Descordes<\/strong>; <\/li>\n\n\n\n<li>\u00ab <strong><em>Un fil \u00e0 la Patte<\/em><\/strong> \u00bb de <strong>G. Feydeau<\/strong> <\/li>\n\n\n\n<li>Et derni\u00e8rement dans \u00ab <strong><em>Suis-je encore vivante<\/em><\/strong> \u00bb <strong>m.e.s J-C. Fall<\/strong>.<\/li>\n<\/ul>\n\n\n\n<p>Depuis janvier 2010, elle poursuit un travail de collecte et retransmission sc\u00e9nique de chants et t\u00e9moignages&nbsp;d\u2019immigr\u00e9s italiens en France \u00ab <strong><em>Sur les traces de l\u2019immigration italienne<\/em><\/strong> \u00bb; un film a \u00e9t\u00e9 r\u00e9alis\u00e9 par<strong> Ren\u00e9 Baratta<\/strong> \u00ab <strong><em>Sur les traces de l\u2019immigration italienne<\/em><\/strong> \u2013 <strong>histoires fran\u00e7aises<\/strong>. \u00bb<\/p>\n\n\n\n<p>En Mars 2013 elle cr\u00e9e avec <strong>Margherita Trefoloni<\/strong> : \u00ab <strong><em>Et toute l\u2019Italie se remet \u00e0 chanter<\/em><\/strong> \u00bb.<\/p>\n\n\n\n<p>En 2016 elle cr\u00e9e \u00ab <strong><em>E pi\u00f9 non canto e pi\u00f9 non ballo<\/em><\/strong> \u00bb : spectacle pour 7 voix sur les chants de la 1\u00e8re guerre&nbsp;mondiale. En tant qu&rsquo;assistante pour les musiques de <strong>Giovanna Marini<\/strong> compos\u00e9es pour <strong>Les Troyennes avec la Cie de&nbsp;danse de Bruxelles As Palavras<\/strong>.<\/p>\n\n\n\n<p>Actuellement, travaille sur deux spectacles : \u00ab <strong><em>Elles<\/em><\/strong> \u00bb avec le chor\u00e9graphe <strong>Mitia Fedotenko<\/strong> et \u00ab <strong><em>Dans le d\u00e9sert, l\u2019espoir<\/em><\/strong> \u00bb de la metteuse en sc\u00e8ne <strong>Roxane Borgna<\/strong>.<\/p>\n\n\n\n<p><strong>Discographie<\/strong><\/p>\n\n\n\n<ul class=\"wp-block-list\">\n<li><a href=\"https:\/\/lamaggese.fr\/index.php\/passio\/\" data-type=\"page\" data-id=\"42\">PASSIO<\/a>, Al Sur, Next Music\/Musisoft.<\/li>\n\n\n\n<li><a href=\"https:\/\/lamaggese.fr\/index.php\/2019\/11\/25\/e-piu-non-canto-et-piu-non-ballo-ou-adieu-le-vie-adieu-lamour\/\" data-type=\"post\" data-id=\"326\">E PI\u00d9 NON CANTO E PI\u00d9 NON BALLO<\/a>, 2017.<\/li>\n\n\n\n<li>IL CANTO DELL\u2019ANIMA, Folknote, 2018.<\/li>\n\n\n\n<li><a href=\"https:\/\/lamaggese.fr\/index.php\/tag\/canti-sconfintai\/\" data-type=\"post_tag\" data-id=\"4\">CANTI SCONFINATI<\/a>, 2020<\/li>\n<\/ul>\n\n\n\n<hr class=\"wp-block-separator has-text-color has-vivid-red-color has-css-opacity has-vivid-red-background-color has-background aligncenter is-style-wide\"\/>\n\n\n\n<p><strong>Margherita Trefoloni <\/strong><\/p>\n\n\n\n<figure class=\"wp-block-image size-thumbnail is-style-rounded\"><img loading=\"lazy\" decoding=\"async\" width=\"150\" height=\"150\" src=\"https:\/\/lamaggese.fr\/wp-content\/uploads\/2022\/03\/Capture-decran-2022-03-18-a-11.51.11-150x150.png\" alt=\"\" class=\"wp-image-447\" srcset=\"https:\/\/lamaggese.fr\/wp-content\/uploads\/2022\/03\/Capture-decran-2022-03-18-a-11.51.11-150x150.png 150w, https:\/\/lamaggese.fr\/wp-content\/uploads\/2022\/03\/Capture-decran-2022-03-18-a-11.51.11-100x100.png 100w\" sizes=\"auto, (max-width: 150px) 100vw, 150px\" \/><figcaption class=\"wp-element-caption\">com\u00e9dienne, chanteuse &amp;  musicienne<\/figcaption><\/figure>\n\n\n\n<p>N\u00e9e \u00e0 Sienne en 1980, elle int\u00e8gre \u00e0 15 ans la compagnie franco\u2013&nbsp;italienne <strong>Corps rompu<\/strong> dirig\u00e9e par <strong>M.C. Massari<\/strong>. Elle s\u2019initie par la suite au chant traditionnel italien avec des musiciens et chanteurs des Pouilles.<\/p>\n\n\n\n<p>En 2005 elle s\u2019installe \u00e0 Paris. Elle continue son parcours de formation avec <strong>Giovanna Marini<\/strong> et certaines de ses \u00e9l\u00e8ves. Elle a fait partie du groupe polyphonique Atelier <strong>Nonna Sima<\/strong>, dirig\u00e9 par <strong>Silvia Malagugini<\/strong> et travaille \u00e9galement sous la direction de compositeurs contemporains comme <strong>Franck Krawczyk<\/strong> et <strong>Karl Na\u00ebgelen<\/strong> ainsi que de l\u2019auteur \/ metteur en&nbsp;sc\u00e8ne <strong>Julien Gaillard<\/strong> avec lequel elle co-fonde en 2008 la compagnie franco\u2013italienne <strong>l\u2019oblio \u2014 di me<\/strong>.<\/p>\n\n\n\n<p>Depuis 2010 elle travaille aux c\u00f4t\u00e9s d\u2019<strong>Anna Andreotti<\/strong> sur le projet \u00ab <strong><em>Sur les traces de l\u2019immigration italienne <\/em><\/strong>\u00bb en tant que com\u00e9dienne et chanteuse et en 2013 elles cr\u00e9ent ensemble \u00ab <em><strong>Et toute l\u2019Italie se remet \u00e0 chanter<\/strong><\/em> \u00bb,&nbsp;voyage po\u00e9tique et musical dans l\u2019Italie du XX si\u00e8cle, <strong>m.e.s Anne Quesemand<\/strong>.<\/p>\n\n\n\n<p>Depuis 2011 elle dirige l\u2019ensemble vocal \u00ab\u00a0<strong><em>A tout bout de chant<\/em><\/strong>\u00a0\u00bb et enseigne le chant traditionnel italien pour l\u2019\u00e9cole de langue et culture italienne <strong>Polimnia<\/strong>.<\/p>\n\n\n\n<p>En juin 2013 elle int\u00e8gre le quintet f\u00e9minin \u00e0 cappella <strong>Passio<\/strong> \u2013 chants sacr\u00e9s de la tradition orale italienne. <\/p>\n\n\n\n<p>Elle a travaill\u00e9\u0301 en tant que chanteuse et com\u00e9dienne dans le spectacle \u00ab <strong><em>Dissocier les fonds \u2013 un presque oratorio<\/em><\/strong>\u00bb avec la<strong> Cie Station Miao<\/strong> et travaille actuellement dans \u00ab <em><strong>E pi\u00f9 non canto e pi\u00f9 non ballo<\/strong><\/em> \u00bb <strong>m.e.s. A.Andreotti<\/strong>. <\/p>\n\n\n\n<p>En 2018 elle a assur\u00e9 la direction musicale dans le spectacle \u00ab <strong><em>Littoral<\/em><\/strong> \u00bb de <strong>Wajdi Mouawad<\/strong> <strong>m.e.s. Simon Del\u00e9tang<\/strong> au <strong>Th\u00e9\u00e2tre du Peuple \u00e0 Bussang<\/strong>.<\/p>\n\n\n\n<p>La m\u00eame ann\u00e9e elle cofonde le groupe <strong>Kantaliso<\/strong>, chants d\u2019amour et de passion de l\u2019Italie populaire avec l\u2019accord\u00e9oniste <strong>Samuel Zucca<\/strong> et le violoniste <strong>Guillaume Fontanarosa<\/strong>.<\/p>\n\n\n\n<p><strong>Discographie<\/strong><\/p>\n\n\n\n<ul class=\"wp-block-list\">\n<li>DISSOCIER LES FONDS (livre sonore), Editions de l\u2019\u0153il, 2016.<\/li>\n\n\n\n<li><a href=\"https:\/\/lamaggese.fr\/index.php\/2019\/11\/25\/e-piu-non-canto-et-piu-non-ballo-ou-adieu-le-vie-adieu-lamour\/\" data-type=\"post\" data-id=\"326\">E PI\u00d9 NON CANTO E PI\u00d9 NON BALLO<\/a>, 2017.<\/li>\n\n\n\n<li><a href=\"https:\/\/lamaggese.fr\/index.php\/passio\/\" data-type=\"page\" data-id=\"42\">PASSIO<\/a> \u2013 Il canto dell\u2019anima, Folknote, 2018.<\/li>\n\n\n\n<li><a href=\"https:\/\/lamaggese.fr\/index.php\/tag\/canti-sconfintai\/\" data-type=\"post_tag\" data-id=\"4\">CANTI SCONFINATI<\/a>, 2020.<\/li>\n\n\n\n<li><a href=\"https:\/\/lamaggese.fr\/index.php\/kantaliso-canti-damore-e-di-passione-dellitalia-populare\/\">KANTALISO<\/a> &#8211; canti d&rsquo;amore e di passione dell&rsquo;Italia popolare, 2022.<\/li>\n<\/ul>\n\n\n\n<hr class=\"wp-block-separator has-css-opacity\"\/>\n\n\n\n<p><strong>Merci \u00e0 tous d&rsquo;avoir travaill\u00e9 avec nous :<\/strong> <\/p>\n\n\n\n<p>Guillaume Fontanarosa, Samuel Zucca, Simone Olivi, Philippe Bouvet, Laurent Franchi, Francesca Perugini, Angela Macciocchi, Nicolas Martin Saint L\u00e9on, Cleri, Bruno Ouzeau, Gerardo Maffei, Alice Bologna, Ugo Perez Andreotti, Ivan Guis, Tiziana Valentini, Patrizia Horvath, Sabrina Manach, Marie Agn\u00e8s Brigot, Val\u00e9rie Buffetaud, Enrico Clarelli, Anne de Broca, Joelle Faye, Josephine Lazzarino, Adrian Iordan, Antoine Morineau, Val\u00e9rie Coue Sibiril, Yoram Rosilio, Marie L\u00e9vy, Anna Damiani, Julien Bergen, Roberto Graiff, Julie Morineau, Brice Beaugier, Emmanuel Perez Romero, Patrick Le Bihan, Nathalie Vannereau, Amel Kared, V\u00e9ronique Boutroux, G\u00e9raldine D\u00e9mange, Alice Bonhomme.<\/p>\n\n\n\n<p><\/p>\n","protected":false},"excerpt":{"rendered":"<p>Anna Andreotti N\u00e9e \u00e0 Florence, elle commence le th\u00e9\u00e2tre apr\u00e8s des \u00e9tudes litt\u00e9raires, et musicales (piano et saxophone). En 1987, elle rejoint la compagnie fran\u00e7aise Le Th\u00e9\u00e2tre de la Sph\u00e8re. \u00c0 partir de 1991, elle \u00e9crit, met en sc\u00e8ne et interpr\u00e8te ses propres pi\u00e8ces tout en poursuivant son travail de com\u00e9dienne avec d\u2019autres compagnies en &hellip; <\/p>\n<p class=\"link-more\"><a href=\"https:\/\/lamaggese.fr\/index.php\/equipe\/\" class=\"more-link\">Continuer la lecture<span class=\"screen-reader-text\"> de &laquo;&nbsp;\u00c9quipe&nbsp;&raquo;<\/span><\/a><\/p>\n","protected":false},"author":1,"featured_media":0,"parent":0,"menu_order":0,"comment_status":"closed","ping_status":"closed","template":"","meta":{"footnotes":""},"class_list":["post-420","page","type-page","status-publish","hentry"],"_links":{"self":[{"href":"https:\/\/lamaggese.fr\/index.php\/wp-json\/wp\/v2\/pages\/420","targetHints":{"allow":["GET"]}}],"collection":[{"href":"https:\/\/lamaggese.fr\/index.php\/wp-json\/wp\/v2\/pages"}],"about":[{"href":"https:\/\/lamaggese.fr\/index.php\/wp-json\/wp\/v2\/types\/page"}],"author":[{"embeddable":true,"href":"https:\/\/lamaggese.fr\/index.php\/wp-json\/wp\/v2\/users\/1"}],"replies":[{"embeddable":true,"href":"https:\/\/lamaggese.fr\/index.php\/wp-json\/wp\/v2\/comments?post=420"}],"version-history":[{"count":8,"href":"https:\/\/lamaggese.fr\/index.php\/wp-json\/wp\/v2\/pages\/420\/revisions"}],"predecessor-version":[{"id":1713,"href":"https:\/\/lamaggese.fr\/index.php\/wp-json\/wp\/v2\/pages\/420\/revisions\/1713"}],"wp:attachment":[{"href":"https:\/\/lamaggese.fr\/index.php\/wp-json\/wp\/v2\/media?parent=420"}],"curies":[{"name":"wp","href":"https:\/\/api.w.org\/{rel}","templated":true}]}}