{"id":37,"date":"2017-01-16T14:47:04","date_gmt":"2017-01-16T13:47:04","guid":{"rendered":"http:\/\/lamaggese.fr\/?page_id=37"},"modified":"2017-01-16T14:57:12","modified_gmt":"2017-01-16T13:57:12","slug":"laissez-moi-chanter","status":"publish","type":"page","link":"https:\/\/lamaggese.fr\/index.php\/laissez-moi-chanter\/","title":{"rendered":"Laissez moi chanter"},"content":{"rendered":"<p><em>Textes de : J. Pr\u00e9vert, P.P. Pasolini, E. Perez Romero, J. Rhys\u2026<\/em><\/p>\n<p><em>Musiques : Arno, Serge\u00a0 Gainsbourg, Lucilla Galeazzi, chants traditionnels italiens<br \/>\n<\/em><\/p>\n<p><em>Avec :<br \/>\nAnna Andreotti : chant<br \/>\nAdrian Iordan : accord\u00e9on<br \/>\nAntoine Morineau : percussions<br \/>\nYoram Rosilio : contrebasse<\/em><\/p>\n<p><img loading=\"lazy\" decoding=\"async\" class=\"alignleft size-medium wp-image-38\" src=\"http:\/\/lamaggese.fr\/wp-content\/uploads\/2017\/01\/visuel_laissez_moi_chanter-212x300.jpg\" alt=\"\" width=\"212\" height=\"300\" srcset=\"https:\/\/lamaggese.fr\/wp-content\/uploads\/2017\/01\/visuel_laissez_moi_chanter-212x300.jpg 212w, https:\/\/lamaggese.fr\/wp-content\/uploads\/2017\/01\/visuel_laissez_moi_chanter.jpg 566w\" sizes=\"auto, (max-width: 212px) 100vw, 212px\" \/>C\u2019est un \u2018cabaret de l\u2019\u00e2me\u2019, une radiographie de l\u2019\u00eatre, un constat des contradictions, des bonheurs, douleurs, rires et pleurs qui forment la vie, pas une vie extraordinaire, ma celle de tous les jours, celle qui file sans que on s\u2019en rende compte, c\u2019est comme si on se\u00a0 retourne comme un gant et on regarde\u00a0 les fils, le coutures, celle bien faites et celle rafistol\u00e9, les trous pass\u00e9es et ceux \u00e0 venir, les usures et les recoins douillets\u2026pour essayer de r\u00e9pondre encore une fois \u00e0\u00a0 son manque \u00e0 son incandescence !<br \/>\n\u00ab Quelle forme prend l\u2019incandescence ?\u00a0 \u00bb. Dans une saison de la vie o\u00f9 l\u2019on trace le bilan d\u2019une bonne moiti\u00e9 de notre existence, o\u00f9 placer l\u2019incandescence\u2026vouloir grandir nous pousse vers l\u2019avant, mais apr\u00e8s quand d\u00e9j\u00e0 la moiti\u00e9 s\u2019est \u00e9coul\u00e9e, o\u00f9 placer l\u2019incandescence ? Dans le regard vers l\u2019arri\u00e8re ? Grandir prend un go\u00fbt de \u2026mourir, et l\u2019incandescence ?<br \/>\nUne besoin de dire, une envie de chanter ce que on aime, qui nous questionne, fait r\u00eaver, sans penser produit, vente. Se payer le luxe de chanter, d\u00e9clamer son \u00e2me avec les mots et les notes d\u2019 Arno, Gainsbourg, Pasolini, Galeazzi, Pr\u00e9vert,\u00a0 Perez Romero, Rhys, un pleur, un chant d\u2019amour traditionnel du sud de l\u2019Italie, un bol\u00e9ro ou un calypso\u2026.R\u00eaver encore d\u2019un art libre et non lib\u00e9ral\u2026.C\u2019est tr\u00e8s \u00e9gocentrique, enfantin, presque 68ttard ! C\u2019est comma \u00e7a ! Laissez moi chanter !<\/p>\n<p>Avec qui je veux que l\u2019on me laisse chanter (Enfin !!!)<\/p>\n<p>J\u2019avais une envie folle de cordes et accord\u00e9on, mais aussi de quelque chose de vraiment Traditionnel, un m\u00e9lange de sonorit\u00e9 classiques et populaire. J\u2019avais besoin de musicien sensibles et tr\u00e8s \u00e0 l\u2019\u00e9coute de mon univers\u2026. Le choix de mon \u00e9quipe \u00e9tait \u00e9vident !\u00a0 Avec Yoram Rosilio contrebassiste prodigieux et versatile ouvert au musique traditionnelles comme aux jazz, on s\u2019\u00e9tait rencontr\u00e9 il y a quelques mois sur Persanes voyage musicale contemporain dans la musique traditionnelle persane, Yoram m\u2019a pr\u00e9sent\u00e9 : Adrien tzigane et roumain musicien \u00e0 l\u2019extraordinaire ouverture qui lui permet de\u00a0 rendre sienne toute musique et enfin Antoine Morineau\u00a0 que\u00a0 j\u2019avais mis en sc\u00e8ne dans Puisque tu es une fille avec son monde de Zarb, Cajrone, Daf et Ney ! La rencontre \u00e9tait \u00e9vidente imm\u00e9diate.<\/p>\n","protected":false},"excerpt":{"rendered":"<p>Textes de : J. Pr\u00e9vert, P.P. Pasolini, E. Perez Romero, J. Rhys\u2026 Musiques : Arno, Serge\u00a0 Gainsbourg, Lucilla Galeazzi, chants traditionnels italiens Avec : Anna Andreotti : chant Adrian Iordan : accord\u00e9on Antoine Morineau : percussions Yoram Rosilio : contrebasse C\u2019est un \u2018cabaret de l\u2019\u00e2me\u2019, une radiographie de l\u2019\u00eatre, un constat des contradictions, des bonheurs, &hellip; <\/p>\n<p class=\"link-more\"><a href=\"https:\/\/lamaggese.fr\/index.php\/laissez-moi-chanter\/\" class=\"more-link\">Continuer la lecture<span class=\"screen-reader-text\"> de &laquo;&nbsp;Laissez moi chanter&nbsp;&raquo;<\/span><\/a><\/p>\n","protected":false},"author":1,"featured_media":0,"parent":0,"menu_order":0,"comment_status":"closed","ping_status":"closed","template":"","meta":{"footnotes":""},"class_list":["post-37","page","type-page","status-publish","hentry"],"_links":{"self":[{"href":"https:\/\/lamaggese.fr\/index.php\/wp-json\/wp\/v2\/pages\/37","targetHints":{"allow":["GET"]}}],"collection":[{"href":"https:\/\/lamaggese.fr\/index.php\/wp-json\/wp\/v2\/pages"}],"about":[{"href":"https:\/\/lamaggese.fr\/index.php\/wp-json\/wp\/v2\/types\/page"}],"author":[{"embeddable":true,"href":"https:\/\/lamaggese.fr\/index.php\/wp-json\/wp\/v2\/users\/1"}],"replies":[{"embeddable":true,"href":"https:\/\/lamaggese.fr\/index.php\/wp-json\/wp\/v2\/comments?post=37"}],"version-history":[{"count":1,"href":"https:\/\/lamaggese.fr\/index.php\/wp-json\/wp\/v2\/pages\/37\/revisions"}],"predecessor-version":[{"id":39,"href":"https:\/\/lamaggese.fr\/index.php\/wp-json\/wp\/v2\/pages\/37\/revisions\/39"}],"wp:attachment":[{"href":"https:\/\/lamaggese.fr\/index.php\/wp-json\/wp\/v2\/media?parent=37"}],"curies":[{"name":"wp","href":"https:\/\/api.w.org\/{rel}","templated":true}]}}