{"id":20,"date":"2017-01-16T14:04:15","date_gmt":"2017-01-16T13:04:15","guid":{"rendered":"http:\/\/lamaggese.fr\/?page_id=20"},"modified":"2022-12-27T16:48:17","modified_gmt":"2022-12-27T15:48:17","slug":"ateliers-de-chant-a-la-cite-de-la-musique","status":"publish","type":"page","link":"https:\/\/lamaggese.fr\/index.php\/ateliers-de-chant-a-la-cite-de-la-musique\/","title":{"rendered":"La Cit\u00e9 de la musique"},"content":{"rendered":"<header class=\"entry-header\">\n<h1 class=\"entry-title\"><\/h1>\n<\/header>\n<div class=\"entry-content\">\n<p><strong>Introduction aux traditions chant\u00e9es<br \/>\n<\/strong>Cycle de 5 s\u00e9ances<\/p>\n<p>Renseignements et inscription sur <a title=\"http:\/\/www.citedelamusique.fr\/francais\/activite\/pratique-musicale\/13852-introduction-aux-traditions-chantees\" href=\"http:\/\/www.citedelamusique.fr\/francais\/activite\/pratique-musicale\/13852-introduction-aux-traditions-chantees\" target=\"_blank\" rel=\"noopener\">cit\u00e9delamusique.fr<\/a><\/p>\n<p><strong>Dates<\/strong><\/p>\n<p>Les mardis au 2\u00e8me trimestre \u00e0 14h, du&nbsp;14 janvier 2014 au 11 f\u00e9vrier 2014<\/p>\n<p><strong>Tarif<\/strong><\/p>\n<p>400\u20ac par cycle et par groupe<\/p>\n<p><strong>Intervenants&nbsp;<\/strong><\/p>\n<ul>\n<li>Anna Andreotti, intervenant musical<\/li>\n<li>Johanni Curtet, intervenant musical<\/li>\n<li>Kristof Hiriart, intervenant musical<\/li>\n<li>A\u00efcha Redouane, intervenant musical<\/li>\n<li>Olga kane, intervenant musical<\/li>\n<\/ul>\n<p>Ce cycle propose une d\u00e9couverte de cinq traditions chant\u00e9es du monde : Italie, Pays basque, Maghreb, Russie centrale et Mongolie. Plusieurs techniques vocales et plusieurs r\u00e9pertoires propres \u00e0 ces r\u00e9gions sont abord\u00e9s.<\/p>\n<p>Du CE2 \u00e0 la Terminale<br \/>\nDur\u00e9e de la s\u00e9ance : 2 heures<\/p>\n<\/div>\n","protected":false},"excerpt":{"rendered":"<p>Introduction aux traditions chant\u00e9es Cycle de 5 s\u00e9ances Renseignements et inscription sur cit\u00e9delamusique.fr Dates Les mardis au 2\u00e8me trimestre \u00e0 14h, du&nbsp;14 janvier 2014 au 11 f\u00e9vrier 2014 Tarif 400\u20ac par cycle et par groupe Intervenants&nbsp; Anna Andreotti, intervenant musical Johanni Curtet, intervenant musical Kristof Hiriart, intervenant musical A\u00efcha Redouane, intervenant musical Olga kane, intervenant &hellip; <\/p>\n<p class=\"link-more\"><a href=\"https:\/\/lamaggese.fr\/index.php\/ateliers-de-chant-a-la-cite-de-la-musique\/\" class=\"more-link\">Continuer la lecture<span class=\"screen-reader-text\"> de &laquo;&nbsp;La Cit\u00e9 de la musique&nbsp;&raquo;<\/span><\/a><\/p>\n","protected":false},"author":1,"featured_media":0,"parent":0,"menu_order":0,"comment_status":"closed","ping_status":"closed","template":"","meta":{"footnotes":""},"class_list":["post-20","page","type-page","status-publish","hentry"],"_links":{"self":[{"href":"https:\/\/lamaggese.fr\/index.php\/wp-json\/wp\/v2\/pages\/20","targetHints":{"allow":["GET"]}}],"collection":[{"href":"https:\/\/lamaggese.fr\/index.php\/wp-json\/wp\/v2\/pages"}],"about":[{"href":"https:\/\/lamaggese.fr\/index.php\/wp-json\/wp\/v2\/types\/page"}],"author":[{"embeddable":true,"href":"https:\/\/lamaggese.fr\/index.php\/wp-json\/wp\/v2\/users\/1"}],"replies":[{"embeddable":true,"href":"https:\/\/lamaggese.fr\/index.php\/wp-json\/wp\/v2\/comments?post=20"}],"version-history":[{"count":2,"href":"https:\/\/lamaggese.fr\/index.php\/wp-json\/wp\/v2\/pages\/20\/revisions"}],"predecessor-version":[{"id":918,"href":"https:\/\/lamaggese.fr\/index.php\/wp-json\/wp\/v2\/pages\/20\/revisions\/918"}],"wp:attachment":[{"href":"https:\/\/lamaggese.fr\/index.php\/wp-json\/wp\/v2\/media?parent=20"}],"curies":[{"name":"wp","href":"https:\/\/api.w.org\/{rel}","templated":true}]}}

La Cité de la musique

<header class="entry-header">
<h1 class="entry-title"></h1>
</header>
<div class="entry-content">
<p><strong>Introduction aux traditions chantées<br />
</strong>Cycle de 5 séances</p>
<p>Renseignements et inscription sur <a title="http://www.citedelamusique.fr/francais/activite/pratique-musicale/13852-introduction-aux-traditions-chantees" href="http://www.citedelamusique.fr/francais/activite/pratique-musicale/13852-introduction-aux-traditions-chantees" target="_blank" rel="noopener">citédelamusique.fr</a></p>
<p><strong>Dates</strong></p>
<p>Les mardis au 2ème trimestre à 14h, du&nbsp;14 janvier 2014 au 11 février 2014</p>
<p><strong>Tarif</strong></p>
<p>400€ par cycle et par groupe</p>
<p><strong>Intervenants&nbsp;</strong></p>
<ul>
<li>Anna Andreotti, intervenant musical</li>
<li>Johanni Curtet, intervenant musical</li>
<li>Kristof Hiriart, intervenant musical</li>
<li>Aïcha Redouane, intervenant musical</li>
<li>Olga kane, intervenant musical</li>
</ul>
<p>Ce cycle propose une découverte de cinq traditions chantées du monde : Italie, Pays basque, Maghreb, Russie centrale et Mongolie. Plusieurs techniques vocales et plusieurs répertoires propres à ces régions sont abordés.</p>
<p>Du CE2 à la Terminale<br />
Durée de la séance : 2 heures</p>
</div>

<p>Introduction aux traditions chantées Cycle de 5 séances Renseignements et inscription sur citédelamusique.fr Dates Les mardis au 2ème trimestre à 14h, du&nbsp;14 janvier 2014 au 11 février 2014 Tarif 400€ par cycle et par groupe Intervenants&nbsp; Anna Andreotti, intervenant musical Johanni Curtet, intervenant musical Kristof Hiriart, intervenant musical Aïcha Redouane, intervenant musical Olga kane, intervenant &hellip; </p>
<p class="link-more"><a href="https://lamaggese.fr/index.php/ateliers-de-chant-a-la-cite-de-la-musique/" class="more-link">Continuer la lecture<span class="screen-reader-text"> de &laquo;&nbsp;La Cité de la musique&nbsp;&raquo;</span></a></p>
