{"id":1307,"date":"2024-01-09T11:43:30","date_gmt":"2024-01-09T10:43:30","guid":{"rendered":"https:\/\/lamaggese.fr\/?page_id=1307"},"modified":"2024-01-24T11:48:19","modified_gmt":"2024-01-24T10:48:19","slug":"nos-rencontres-2023","status":"publish","type":"page","link":"https:\/\/lamaggese.fr\/index.php\/nos-rencontres-2023\/","title":{"rendered":"NOS RENCONTRES 2023"},"content":{"rendered":"\n<p><\/p>\n\n\n\n<p class=\"has-text-align-center\">14\u00e8me <strong>RENCONTRE DE CHANTS TRADITIONNELS ITALIENS en Lombardie \u00e0 Premana<\/strong><\/p>\n\n\n\n<p class=\"has-text-align-center\"><strong><em>du 3 janvier 2023 au 8 janvier 2023<\/em><\/strong><\/p>\n\n\n\n<figure class=\"wp-block-embed is-type-video is-provider-youtube wp-block-embed-youtube wp-embed-aspect-16-9 wp-has-aspect-ratio\"><div class=\"wp-block-embed__wrapper\">\n<iframe loading=\"lazy\" title=\"14\u00e8me Rencontre de chants traditionnels italiens \u00e0 Premana\" width=\"525\" height=\"295\" src=\"https:\/\/www.youtube.com\/embed\/CdPsWAg4xm0?feature=oembed\" frameborder=\"0\" allow=\"accelerometer; autoplay; clipboard-write; encrypted-media; gyroscope; picture-in-picture; web-share\" referrerpolicy=\"strict-origin-when-cross-origin\" allowfullscreen><\/iframe>\n<\/div><\/figure>\n\n\n\n<hr class=\"wp-block-separator has-alpha-channel-opacity\"\/>\n\n\n\n<p class=\"has-text-align-center\">15\u00e8me <strong>RENCONTRE DE CHANTS TRADITIONNELS ITALIENS\u00a0<\/strong>&#8211; <strong><em>Voyage dans le chant italien de tradition orale<\/em><\/strong><\/p>\n\n\n\n<p class=\"has-text-align-center\"><strong><em>Le Calendrier chant\u00e9 ou<\/em><\/strong> <strong><em>Le rythme des saisons et du temps qui passe&#8230;.<\/em><\/strong><\/p>\n\n\n\n<p class=\"has-text-align-center\"><strong><em>Du vendredi 23 au jeudi 29 juin \u00e0 Madi\u00e8res &#8211; dans les C\u00e9vennes<\/em><\/strong><\/p>\n\n\n\n<figure class=\"wp-block-embed is-type-video is-provider-youtube wp-block-embed-youtube wp-embed-aspect-16-9 wp-has-aspect-ratio\"><div class=\"wp-block-embed__wrapper\">\n<iframe loading=\"lazy\" title=\"2\u00e8me rencontre de chants traditionnels italiens \u00e0 Madi\u00e8res\" width=\"525\" height=\"295\" src=\"https:\/\/www.youtube.com\/embed\/rECNkbjgbXE?feature=oembed\" frameborder=\"0\" allow=\"accelerometer; autoplay; clipboard-write; encrypted-media; gyroscope; picture-in-picture; web-share\" referrerpolicy=\"strict-origin-when-cross-origin\" allowfullscreen><\/iframe>\n<\/div><\/figure>\n\n\n\n<hr class=\"wp-block-separator has-alpha-channel-opacity\"\/>\n\n\n\n<p class=\"has-text-align-center\">16\u00e8me <strong>RENCONTRE DE CHANT TRADITIONNEL ITALIEN<\/strong> <strong>LE CHANT DES QUATRE PROVINCES <\/strong><\/p>\n\n\n\n<p class=\"has-text-align-center\"><strong>Quand l&rsquo;Apennin se met \u00e0 chanter ! du 15 au 22 ao\u00fbt<\/strong><\/p>\n\n\n\n<figure class=\"wp-block-embed is-type-video is-provider-youtube wp-block-embed-youtube wp-embed-aspect-16-9 wp-has-aspect-ratio\"><div class=\"wp-block-embed__wrapper\">\n<iframe loading=\"lazy\" title=\"16eme Rencontre de chants traditionnels italiens \u00e0 Bettola \/ Ca Nove Di Ebbio\" width=\"525\" height=\"295\" src=\"https:\/\/www.youtube.com\/embed\/FLiw4490ibA?feature=oembed\" frameborder=\"0\" allow=\"accelerometer; autoplay; clipboard-write; encrypted-media; gyroscope; picture-in-picture; web-share\" referrerpolicy=\"strict-origin-when-cross-origin\" allowfullscreen><\/iframe>\n<\/div><\/figure>\n","protected":false},"excerpt":{"rendered":"<p>14\u00e8me RENCONTRE DE CHANTS TRADITIONNELS ITALIENS en Lombardie \u00e0 Premana du 3 janvier 2023 au 8 janvier 2023 15\u00e8me RENCONTRE DE CHANTS TRADITIONNELS ITALIENS\u00a0&#8211; Voyage dans le chant italien de tradition orale Le Calendrier chant\u00e9 ou Le rythme des saisons et du temps qui passe&#8230;. Du vendredi 23 au jeudi 29 juin \u00e0 Madi\u00e8res &#8211; &hellip; <\/p>\n<p class=\"link-more\"><a href=\"https:\/\/lamaggese.fr\/index.php\/nos-rencontres-2023\/\" class=\"more-link\">Continuer la lecture<span class=\"screen-reader-text\"> de &laquo;&nbsp;NOS RENCONTRES 2023&nbsp;&raquo;<\/span><\/a><\/p>\n","protected":false},"author":1,"featured_media":0,"parent":0,"menu_order":0,"comment_status":"closed","ping_status":"closed","template":"","meta":{"footnotes":""},"class_list":["post-1307","page","type-page","status-publish","hentry"],"_links":{"self":[{"href":"https:\/\/lamaggese.fr\/index.php\/wp-json\/wp\/v2\/pages\/1307","targetHints":{"allow":["GET"]}}],"collection":[{"href":"https:\/\/lamaggese.fr\/index.php\/wp-json\/wp\/v2\/pages"}],"about":[{"href":"https:\/\/lamaggese.fr\/index.php\/wp-json\/wp\/v2\/types\/page"}],"author":[{"embeddable":true,"href":"https:\/\/lamaggese.fr\/index.php\/wp-json\/wp\/v2\/users\/1"}],"replies":[{"embeddable":true,"href":"https:\/\/lamaggese.fr\/index.php\/wp-json\/wp\/v2\/comments?post=1307"}],"version-history":[{"count":4,"href":"https:\/\/lamaggese.fr\/index.php\/wp-json\/wp\/v2\/pages\/1307\/revisions"}],"predecessor-version":[{"id":1323,"href":"https:\/\/lamaggese.fr\/index.php\/wp-json\/wp\/v2\/pages\/1307\/revisions\/1323"}],"wp:attachment":[{"href":"https:\/\/lamaggese.fr\/index.php\/wp-json\/wp\/v2\/media?parent=1307"}],"curies":[{"name":"wp","href":"https:\/\/api.w.org\/{rel}","templated":true}]}}

<p></p>



<p class="has-text-align-center">14ème <strong>RENCONTRE DE CHANTS TRADITIONNELS ITALIENS en Lombardie à Premana</strong></p>



<p class="has-text-align-center"><strong><em>du 3 janvier 2023 au 8 janvier 2023</em></strong></p>



<figure class="wp-block-embed is-type-video is-provider-youtube wp-block-embed-youtube wp-embed-aspect-16-9 wp-has-aspect-ratio"><div class="wp-block-embed__wrapper">
<iframe loading="lazy" title="14ème Rencontre de chants traditionnels italiens à Premana" width="525" height="295" src="https://www.youtube.com/embed/CdPsWAg4xm0?feature=oembed" frameborder="0" allow="accelerometer; autoplay; clipboard-write; encrypted-media; gyroscope; picture-in-picture; web-share" referrerpolicy="strict-origin-when-cross-origin" allowfullscreen></iframe>
</div></figure>



<hr class="wp-block-separator has-alpha-channel-opacity"/>



<p class="has-text-align-center">15ème <strong>RENCONTRE DE CHANTS TRADITIONNELS ITALIENS </strong>&#8211; <strong><em>Voyage dans le chant italien de tradition orale</em></strong></p>



<p class="has-text-align-center"><strong><em>Le Calendrier chanté ou</em></strong> <strong><em>Le rythme des saisons et du temps qui passe&#8230;.</em></strong></p>



<p class="has-text-align-center"><strong><em>Du vendredi 23 au jeudi 29 juin à Madières &#8211; dans les Cévennes</em></strong></p>



<figure class="wp-block-embed is-type-video is-provider-youtube wp-block-embed-youtube wp-embed-aspect-16-9 wp-has-aspect-ratio"><div class="wp-block-embed__wrapper">
<iframe loading="lazy" title="2ème rencontre de chants traditionnels italiens à Madières" width="525" height="295" src="https://www.youtube.com/embed/rECNkbjgbXE?feature=oembed" frameborder="0" allow="accelerometer; autoplay; clipboard-write; encrypted-media; gyroscope; picture-in-picture; web-share" referrerpolicy="strict-origin-when-cross-origin" allowfullscreen></iframe>
</div></figure>



<hr class="wp-block-separator has-alpha-channel-opacity"/>



<p class="has-text-align-center">16ème <strong>RENCONTRE DE CHANT TRADITIONNEL ITALIEN</strong> <strong>LE CHANT DES QUATRE PROVINCES </strong></p>



<p class="has-text-align-center"><strong>Quand l&rsquo;Apennin se met à chanter ! du 15 au 22 août</strong></p>



<figure class="wp-block-embed is-type-video is-provider-youtube wp-block-embed-youtube wp-embed-aspect-16-9 wp-has-aspect-ratio"><div class="wp-block-embed__wrapper">
<iframe loading="lazy" title="16eme Rencontre de chants traditionnels italiens à Bettola / Ca Nove Di Ebbio" width="525" height="295" src="https://www.youtube.com/embed/FLiw4490ibA?feature=oembed" frameborder="0" allow="accelerometer; autoplay; clipboard-write; encrypted-media; gyroscope; picture-in-picture; web-share" referrerpolicy="strict-origin-when-cross-origin" allowfullscreen></iframe>
</div></figure>

<p>14ème RENCONTRE DE CHANTS TRADITIONNELS ITALIENS en Lombardie à Premana du 3 janvier 2023 au 8 janvier 2023 15ème RENCONTRE DE CHANTS TRADITIONNELS ITALIENS &#8211; Voyage dans le chant italien de tradition orale Le Calendrier chanté ou Le rythme des saisons et du temps qui passe&#8230;. Du vendredi 23 au jeudi 29 juin à Madières &#8211; &hellip; </p>
<p class="link-more"><a href="https://lamaggese.fr/index.php/nos-rencontres-2023/" class="more-link">Continuer la lecture<span class="screen-reader-text"> de &laquo;&nbsp;NOS RENCONTRES 2023&nbsp;&raquo;</span></a></p>
