{"id":1185,"date":"2023-10-13T16:29:08","date_gmt":"2023-10-13T14:29:08","guid":{"rendered":"https:\/\/lamaggese.fr\/?page_id=1185"},"modified":"2025-09-04T11:57:36","modified_gmt":"2025-09-04T09:57:36","slug":"le-choeur-de-lemigration","status":"publish","type":"page","link":"https:\/\/lamaggese.fr\/index.php\/le-choeur-de-lemigration\/","title":{"rendered":"Le Choeur de l&rsquo;\u00c9migration"},"content":{"rendered":"\n<hr class=\"wp-block-separator has-alpha-channel-opacity\"\/>\n\n\n<div class=\"wp-block-image\">\n<figure class=\"aligncenter size-large is-resized\"><img loading=\"lazy\" decoding=\"async\" width=\"1024\" height=\"681\" src=\"https:\/\/lamaggese.fr\/wp-content\/uploads\/2023\/10\/18672852_1064623457004603_4632651336010144322_o-1024x681.jpeg\" alt=\"\" class=\"wp-image-1186\" style=\"width:554px;height:368px\" srcset=\"https:\/\/lamaggese.fr\/wp-content\/uploads\/2023\/10\/18672852_1064623457004603_4632651336010144322_o-1024x681.jpeg 1024w, https:\/\/lamaggese.fr\/wp-content\/uploads\/2023\/10\/18672852_1064623457004603_4632651336010144322_o-300x200.jpeg 300w, https:\/\/lamaggese.fr\/wp-content\/uploads\/2023\/10\/18672852_1064623457004603_4632651336010144322_o-768x511.jpeg 768w, https:\/\/lamaggese.fr\/wp-content\/uploads\/2023\/10\/18672852_1064623457004603_4632651336010144322_o-1536x1022.jpeg 1536w, https:\/\/lamaggese.fr\/wp-content\/uploads\/2023\/10\/18672852_1064623457004603_4632651336010144322_o.jpeg 2048w\" sizes=\"auto, (max-width: 767px) 89vw, (max-width: 1000px) 54vw, (max-width: 1071px) 543px, 580px\" \/><\/figure>\n<\/div>\n\n\n<hr class=\"wp-block-separator has-alpha-channel-opacity\"\/>\n\n\n\n<p class=\"has-text-align-center\"><strong>Recherche de traces enfouies dans la m\u00e9moire des italiens en France<\/strong><\/p>\n\n\n\n<p><em>Le ch\u0153ur de l\u2019\u00e9migration s\u2019est form\u00e9 autour d\u2019une envie forte de retrouver des sons oubli\u00e9s, des gestes, des m\u00e9moires disparues. Parmi les chanteurs beaucoup sont d\u2019origine italienne, de premi\u00e8re, deuxi\u00e8me, troisi\u00e8me, quatri\u00e8me g\u00e9n\u00e9ration mais aussi beaucoup sont en recherche d\u2019un pass\u00e9 pas forcement italien, une puissance du geste vocal qui ram\u00e8ne \u00e0 la terre, aux origines, au sens large du terme. Ils sont professeurs, ch\u00f4meurs, musiciens, com\u00e9diens, \u00e9ducateurs, m\u00e9decins, secr\u00e9taires, stewards, correcteurs, journalistes, ouvriers, maquettistes, \u00e9tudiants, retrait\u00e9s, mais surtout femmes et hommes passionn\u00e9s de la musique traditionnelle italienne ! Ensemble, ils ont trouv\u00e9 un timbre, une couleur, une \u00e9nergie, une musicalit\u00e9, un son, r\u00e9ellement traditionnels.<\/em><\/p>\n\n\n\n<hr class=\"wp-block-separator has-alpha-channel-opacity\"\/>\n\n\n\n<p><strong>Prochains rendez-vous du Ch\u0153ur :<\/strong><\/p>\n\n\n\n<blockquote class=\"wp-block-quote is-layout-flow wp-block-quote-is-layout-flow\">\n<blockquote class=\"wp-block-quote is-layout-flow wp-block-quote-is-layout-flow\">\n<figure class=\"wp-block-table\"><table><tbody><tr><td><strong><u>Dates 1er semestre<\/u>\u00a0:\u00a019\/09 ; 20\/09 ; 21\/09 ; 03\/10 ; 04\/10 ; 5\/10 ; 10\/10 ; 11\/10 ; 12\/10 ; 17\/10 ; 18\/10 ; 19\/10 ; 28\/11 ; 29\/11 ; 30\/11 ; 12\/12 ; 13\/12 ; 14\/12 ; 16\/01 ; 17\/01 ; 18\/01<\/strong><br><br><strong><u>Dates 2\u00e8me semestre<\/u>\u00a0:\u00a0\u00a006\/02 ; 07\/02 ; 08\/02 ; 27\/03 ; 28\/03 ; 29\/03 ; 10\/04 ; 11\/04 ; 12\/04 ; 15\/05 ; 16\/05 ; 17\/05 ; 05\/06 ; 06\/06 ; 07\/06 ; 08\/06\u00a0<\/strong><\/td><\/tr><\/tbody><\/table><\/figure>\n<\/blockquote>\n<\/blockquote>\n\n\n\n<p><strong>Lieu :<\/strong>&nbsp;Salle Julie Daubi\u00e9, 17B blv Jeanne d&rsquo;Arc, 93100 Montreuil<\/p>\n\n\n\n<p><strong>Les rendez-vous se font un week-end par mois\u00a0<\/strong><\/p>\n\n\n\n<p><strong>pour + d&rsquo;infos :&nbsp;<\/strong>&nbsp;lamaggiante@gmail.com&nbsp;\/&nbsp;lamaggese@neuf.fr<\/p>\n\n\n\n<ul class=\"wp-block-list\" start=\"0\">\n<li><strong>Liens<\/strong><\/li>\n\n\n\n<li>&nbsp;<a href=\"https:\/\/www.youtube.com\/watch?v=hldGSPrTTqE&amp;t=452s\" data-type=\"URL\" data-id=\"https:\/\/www.youtube.com\/watch?v=hldGSPrTTqE&amp;t=452s\">Youtube<\/a> \/ <a href=\"https:\/\/vimeo.com\/69032371#_=_\" data-type=\"URL\" data-id=\"https:\/\/vimeo.com\/69032371#_=_\">Vimeo<\/a> \/ <a href=\"https:\/\/www.facebook.com\/ SurLesTracesDeLimmigrationItalienne\/?ref=pages_you manage\" data-type=\"URL\" data-id=\"https:\/\/www.facebook.com\/ SurLesTracesDeLimmigrationItalienne\/?ref=pages_you manage\">Facebook<\/a><\/li>\n<\/ul>\n","protected":false},"excerpt":{"rendered":"<p>Recherche de traces enfouies dans la m\u00e9moire des italiens en France Le ch\u0153ur de l\u2019\u00e9migration s\u2019est form\u00e9 autour d\u2019une envie forte de retrouver des sons oubli\u00e9s, des gestes, des m\u00e9moires disparues. Parmi les chanteurs beaucoup sont d\u2019origine italienne, de premi\u00e8re, deuxi\u00e8me, troisi\u00e8me, quatri\u00e8me g\u00e9n\u00e9ration mais aussi beaucoup sont en recherche d\u2019un pass\u00e9 pas forcement italien, &hellip; <\/p>\n<p class=\"link-more\"><a href=\"https:\/\/lamaggese.fr\/index.php\/le-choeur-de-lemigration\/\" class=\"more-link\">Continuer la lecture<span class=\"screen-reader-text\"> de &laquo;&nbsp;Le Choeur de l&rsquo;\u00c9migration&nbsp;&raquo;<\/span><\/a><\/p>\n","protected":false},"author":1,"featured_media":0,"parent":0,"menu_order":0,"comment_status":"closed","ping_status":"closed","template":"","meta":{"footnotes":""},"class_list":["post-1185","page","type-page","status-publish","hentry"],"_links":{"self":[{"href":"https:\/\/lamaggese.fr\/index.php\/wp-json\/wp\/v2\/pages\/1185","targetHints":{"allow":["GET"]}}],"collection":[{"href":"https:\/\/lamaggese.fr\/index.php\/wp-json\/wp\/v2\/pages"}],"about":[{"href":"https:\/\/lamaggese.fr\/index.php\/wp-json\/wp\/v2\/types\/page"}],"author":[{"embeddable":true,"href":"https:\/\/lamaggese.fr\/index.php\/wp-json\/wp\/v2\/users\/1"}],"replies":[{"embeddable":true,"href":"https:\/\/lamaggese.fr\/index.php\/wp-json\/wp\/v2\/comments?post=1185"}],"version-history":[{"count":4,"href":"https:\/\/lamaggese.fr\/index.php\/wp-json\/wp\/v2\/pages\/1185\/revisions"}],"predecessor-version":[{"id":1698,"href":"https:\/\/lamaggese.fr\/index.php\/wp-json\/wp\/v2\/pages\/1185\/revisions\/1698"}],"wp:attachment":[{"href":"https:\/\/lamaggese.fr\/index.php\/wp-json\/wp\/v2\/media?parent=1185"}],"curies":[{"name":"wp","href":"https:\/\/api.w.org\/{rel}","templated":true}]}}

Le Choeur de l&rsquo;Émigration

<hr class="wp-block-separator has-alpha-channel-opacity"/>


<div class="wp-block-image">
<figure class="aligncenter size-large is-resized"><img loading="lazy" decoding="async" width="1024" height="681" src="https://lamaggese.fr/wp-content/uploads/2023/10/18672852_1064623457004603_4632651336010144322_o-1024x681.jpeg" alt="" class="wp-image-1186" style="width:554px;height:368px" srcset="https://lamaggese.fr/wp-content/uploads/2023/10/18672852_1064623457004603_4632651336010144322_o-1024x681.jpeg 1024w, https://lamaggese.fr/wp-content/uploads/2023/10/18672852_1064623457004603_4632651336010144322_o-300x200.jpeg 300w, https://lamaggese.fr/wp-content/uploads/2023/10/18672852_1064623457004603_4632651336010144322_o-768x511.jpeg 768w, https://lamaggese.fr/wp-content/uploads/2023/10/18672852_1064623457004603_4632651336010144322_o-1536x1022.jpeg 1536w, https://lamaggese.fr/wp-content/uploads/2023/10/18672852_1064623457004603_4632651336010144322_o.jpeg 2048w" sizes="auto, (max-width: 767px) 89vw, (max-width: 1000px) 54vw, (max-width: 1071px) 543px, 580px" /></figure>
</div>


<hr class="wp-block-separator has-alpha-channel-opacity"/>



<p class="has-text-align-center"><strong>Recherche de traces enfouies dans la mémoire des italiens en France</strong></p>



<p><em>Le chœur de l’émigration s’est formé autour d’une envie forte de retrouver des sons oubliés, des gestes, des mémoires disparues. Parmi les chanteurs beaucoup sont d’origine italienne, de première, deuxième, troisième, quatrième génération mais aussi beaucoup sont en recherche d’un passé pas forcement italien, une puissance du geste vocal qui ramène à la terre, aux origines, au sens large du terme. Ils sont professeurs, chômeurs, musiciens, comédiens, éducateurs, médecins, secrétaires, stewards, correcteurs, journalistes, ouvriers, maquettistes, étudiants, retraités, mais surtout femmes et hommes passionnés de la musique traditionnelle italienne ! Ensemble, ils ont trouvé un timbre, une couleur, une énergie, une musicalité, un son, réellement traditionnels.</em></p>



<hr class="wp-block-separator has-alpha-channel-opacity"/>



<p><strong>Prochains rendez-vous du Chœur :</strong></p>



<blockquote class="wp-block-quote is-layout-flow wp-block-quote-is-layout-flow">
<blockquote class="wp-block-quote is-layout-flow wp-block-quote-is-layout-flow">
<figure class="wp-block-table"><table><tbody><tr><td><strong><u>Dates 1er semestre</u> : 19/09 ; 20/09 ; 21/09 ; 03/10 ; 04/10 ; 5/10 ; 10/10 ; 11/10 ; 12/10 ; 17/10 ; 18/10 ; 19/10 ; 28/11 ; 29/11 ; 30/11 ; 12/12 ; 13/12 ; 14/12 ; 16/01 ; 17/01 ; 18/01</strong><br><br><strong><u>Dates 2ème semestre</u> :  06/02 ; 07/02 ; 08/02 ; 27/03 ; 28/03 ; 29/03 ; 10/04 ; 11/04 ; 12/04 ; 15/05 ; 16/05 ; 17/05 ; 05/06 ; 06/06 ; 07/06 ; 08/06 </strong></td></tr></tbody></table></figure>
</blockquote>
</blockquote>



<p><strong>Lieu :</strong>&nbsp;Salle Julie Daubié, 17B blv Jeanne d&rsquo;Arc, 93100 Montreuil</p>



<p><strong>Les rendez-vous se font un week-end par mois </strong></p>



<p><strong>pour + d&rsquo;infos :&nbsp;</strong>&nbsp;lamaggiante@gmail.com&nbsp;/&nbsp;lamaggese@neuf.fr</p>



<ul class="wp-block-list" start="0">
<li><strong>Liens</strong></li>



<li>&nbsp;<a href="https://www.youtube.com/watch?v=hldGSPrTTqE&amp;t=452s" data-type="URL" data-id="https://www.youtube.com/watch?v=hldGSPrTTqE&amp;t=452s">Youtube</a> / <a href="https://vimeo.com/69032371#_=_" data-type="URL" data-id="https://vimeo.com/69032371#_=_">Vimeo</a> / <a href="https://www.facebook.com/ SurLesTracesDeLimmigrationItalienne/?ref=pages_you manage" data-type="URL" data-id="https://www.facebook.com/ SurLesTracesDeLimmigrationItalienne/?ref=pages_you manage">Facebook</a></li>
</ul>

<p>Recherche de traces enfouies dans la mémoire des italiens en France Le chœur de l’émigration s’est formé autour d’une envie forte de retrouver des sons oubliés, des gestes, des mémoires disparues. Parmi les chanteurs beaucoup sont d’origine italienne, de première, deuxième, troisième, quatrième génération mais aussi beaucoup sont en recherche d’un passé pas forcement italien, &hellip; </p>
<p class="link-more"><a href="https://lamaggese.fr/index.php/le-choeur-de-lemigration/" class="more-link">Continuer la lecture<span class="screen-reader-text"> de &laquo;&nbsp;Le Choeur de l&rsquo;Émigration&nbsp;&raquo;</span></a></p>
